Last updated on 2024-08-16 11:49:47 CEST.
Flavor | Version | Tinstall | Tcheck | Ttotal | Status | Flags |
---|---|---|---|---|---|---|
r-devel-linux-x86_64-debian-clang | 0.3-1 | 8.14 | 70.14 | 78.28 | NOTE | |
r-devel-linux-x86_64-debian-gcc | 0.3-1 | 5.18 | 50.59 | 55.77 | NOTE | |
r-devel-linux-x86_64-fedora-clang | 0.3-1 | 122.61 | OK | |||
r-devel-linux-x86_64-fedora-gcc | 0.3-1 | 131.46 | OK | |||
r-devel-windows-x86_64 | 0.3-1 | 9.00 | 96.00 | 105.00 | NOTE | |
r-patched-linux-x86_64 | 0.3-1 | 14.69 | 66.49 | 81.18 | OK | |
r-release-linux-x86_64 | 0.3-1 | 7.19 | 66.81 | 74.00 | OK | |
r-release-macos-arm64 | 0.3-1 | 43.00 | OK | |||
r-release-macos-x86_64 | 0.3-1 | 63.00 | OK | |||
r-release-windows-x86_64 | 0.3-1 | 9.00 | 97.00 | 106.00 | OK | |
r-oldrel-macos-arm64 | 0.3-1 | 50.00 | OK | |||
r-oldrel-macos-x86_64 | 0.3-1 | 133.00 | OK | |||
r-oldrel-windows-x86_64 | 0.3-1 | 11.00 | 104.00 | 115.00 | OK |
Version: 0.3-1
Check: Rd cross-references
Result: NOTE
Found the following Rd file(s) with Rd \link{} targets missing package
anchors:
interactionMeans.Rd: Anova, linearHypothesis
testFactors.Rd: linearHypothesis, Anova
testInteractions.Rd: Anova, linearHypothesis
Please provide package anchors for all Rd \link{} targets not in the
package itself and the base packages.
Flavors: r-devel-linux-x86_64-debian-clang, r-devel-linux-x86_64-debian-gcc, r-devel-windows-x86_64