Last updated on 2024-04-20 00:04:33 CEST.
Flavor | Version | Tinstall | Tcheck | Ttotal | Status | Flags |
---|---|---|---|---|---|---|
r-devel-linux-x86_64-debian-clang | 0.11.2 | 30.38 | 267.24 | 297.62 | OK | |
r-devel-linux-x86_64-debian-gcc | 0.11.2 | OK | ||||
r-devel-linux-x86_64-fedora-clang | 0.11.2 | 367.37 | OK | |||
r-devel-linux-x86_64-fedora-gcc | 0.11.2 | 355.88 | OK | |||
r-prerel-macos-arm64 | 0.11.2 | 94.00 | OK | |||
r-prerel-macos-x86_64 | 0.11.2 | 223.00 | OK | |||
r-prerel-windows-x86_64 | 0.11.2 | 32.00 | 263.00 | 295.00 | OK | |
r-patched-linux-x86_64 | 0.11.2 | 38.20 | 246.28 | 284.48 | OK | |
r-release-linux-x86_64 | 0.11.2 | 26.00 | 248.56 | 274.56 | OK | |
r-release-macos-arm64 | 0.11.2 | 122.00 | OK | |||
r-release-macos-x86_64 | 0.11.2 | 266.00 | NOTE | |||
r-release-windows-x86_64 | 0.11.2 | 36.00 | 312.00 | 348.00 | OK | |
r-oldrel-macos-arm64 | 0.11.2 | 84.00 | OK | |||
r-oldrel-windows-x86_64 | 0.11.2 | 38.00 | 227.00 | 265.00 | OK |
Version: 0.11.2
Check: installed package size
Result: NOTE
installed size is 5.9Mb
sub-directories of 1Mb or more:
R 2.1Mb
help 2.1Mb
Flavor: r-release-macos-x86_64