Last updated on 2023-11-28 11:50:46 CET.
Flavor | Version | Tinstall | Tcheck | Ttotal | Status | Flags |
---|---|---|---|---|---|---|
r-devel-linux-x86_64-debian-clang | 0.4.27 | 7.19 | 141.65 | 148.84 | NOTE | |
r-devel-linux-x86_64-debian-gcc | 0.4.27 | 5.42 | 106.06 | 111.48 | NOTE | |
r-devel-linux-x86_64-fedora-clang | 0.4.27 | 185.47 | OK | |||
r-devel-linux-x86_64-fedora-gcc | 0.4.27 | 192.32 | OK | |||
r-devel-windows-x86_64 | 0.4.27 | 8.00 | 145.00 | 153.00 | OK | |
r-patched-linux-x86_64 | 0.4.27 | 7.95 | 136.97 | 144.92 | OK | |
r-release-linux-x86_64 | 0.4.27 | 4.62 | 136.02 | 140.64 | OK | |
r-release-macos-arm64 | 0.4.27 | 55.00 | OK | |||
r-release-macos-x86_64 | 0.4.27 | 117.00 | OK | |||
r-release-windows-x86_64 | 0.4.27 | 10.00 | 168.00 | 178.00 | OK | |
r-oldrel-macos-arm64 | 0.4.27 | 140.00 | OK | |||
r-oldrel-macos-x86_64 | 0.4.27 | 132.00 | OK | |||
r-oldrel-windows-x86_64 | 0.4.27 | 10.00 | 165.00 | 175.00 | OK |
Version: 0.4.27
Check: Rd files
Result: NOTE
checkRd: (-1) read_cid_spectravue_csv.Rd:46: Lost braces
46 | function code{range()} will return range of wavelengths expressed in
| ^
checkRd: (-1) read_fmi2mspct.Rd:78: Lost braces; missing escapes or markup?
78 | \code{tz = UTC} and {time.shift.min = 120} to convert times to UTC. This
| ^
Flavors: r-devel-linux-x86_64-debian-clang, r-devel-linux-x86_64-debian-gcc