CRAN Package Check Results for Package phsmethods

Last updated on 2024-04-23 11:55:52 CEST.

Flavor Version Tinstall Tcheck Ttotal Status Flags
r-devel-linux-x86_64-debian-clang 1.0.2 4.85 73.21 78.06 OK
r-devel-linux-x86_64-debian-gcc 1.0.2 3.37 54.22 57.59 OK
r-devel-linux-x86_64-fedora-clang 1.0.2 98.86 NOTE
r-devel-linux-x86_64-fedora-gcc 1.0.2 104.81 NOTE
r-prerel-macos-arm64 1.0.2 37.00 OK
r-prerel-windows-x86_64 1.0.2 6.00 82.00 88.00 OK
r-patched-linux-x86_64 1.0.2 5.12 69.12 74.24 OK
r-release-linux-x86_64 1.0.2 2.92 66.69 69.61 OK
r-release-macos-arm64 1.0.2 41.00 OK
r-release-macos-x86_64 1.0.2 69.00 OK
r-release-windows-x86_64 1.0.2 8.00 88.00 96.00 OK
r-oldrel-macos-arm64 1.0.2 40.00 OK
r-oldrel-windows-x86_64 1.0.2 8.00 87.00 95.00 OK

Check Details

Version: 1.0.2
Check: data for non-ASCII characters
Result: NOTE Note: found 4 marked UTF-8 strings Flavors: r-devel-linux-x86_64-fedora-clang, r-devel-linux-x86_64-fedora-gcc