Last updated on 2023-12-03 23:56:54 CET.
Flavor | Version | Tinstall | Tcheck | Ttotal | Status | Flags |
---|---|---|---|---|---|---|
r-devel-linux-x86_64-debian-clang | 0.1-34 | 52.17 | 78.97 | 131.14 | NOTE | |
r-devel-linux-x86_64-debian-gcc | 0.1-34 | 45.22 | 61.09 | 106.31 | NOTE | |
r-devel-linux-x86_64-fedora-clang | 0.1-34 | 163.99 | OK | |||
r-devel-linux-x86_64-fedora-gcc | 0.1-34 | 183.69 | OK | |||
r-devel-windows-x86_64 | 0.1-34 | 62.00 | 115.00 | 177.00 | OK | |
r-patched-linux-x86_64 | 0.1-34 | 44.17 | 77.56 | 121.73 | OK | |
r-release-linux-x86_64 | 0.1-34 | 51.61 | 77.83 | 129.44 | OK | |
r-release-macos-arm64 | 0.1-34 | 87.00 | OK | |||
r-release-macos-x86_64 | 0.1-34 | 99.00 | OK | |||
r-release-windows-x86_64 | 0.1-34 | 75.00 | 123.00 | 198.00 | OK | |
r-oldrel-macos-arm64 | 0.1-34 | 57.00 | OK | |||
r-oldrel-macos-x86_64 | 0.1-34 | 68.00 | OK | |||
r-oldrel-windows-x86_64 | 0.1-34 | 68.00 | 120.00 | 188.00 | OK |
Version: 0.1-34
Check: Rd files
Result: NOTE
checkRd: (-1) 11_d.init.method.Rd:22-23: Lost braces in \itemize; meant \describe ?
checkRd: (-1) 11_d.init.method.Rd:24-25: Lost braces in \itemize; meant \describe ?
checkRd: (-1) 11_d.init.method.Rd:26-27: Lost braces in \itemize; meant \describe ?
checkRd: (-1) 11_d.init.method.Rd:28-29: Lost braces in \itemize; meant \describe ?
checkRd: (-1) 11_d.init.method.Rd:30-31: Lost braces in \itemize; meant \describe ?
checkRd: (-1) 11_d.init.method.Rd:32: Lost braces in \itemize; meant \describe ?
checkRd: (-1) 11_d.init.procedure.Rd:21-23: Lost braces in \itemize; meant \describe ?
checkRd: (-1) 11_d.init.procedure.Rd:24-26: Lost braces in \itemize; meant \describe ?
checkRd: (-1) 11_d.init.procedure.Rd:27-30: Lost braces in \itemize; meant \describe ?
checkRd: (-1) 11_d.init.procedure.Rd:31-35: Lost braces in \itemize; meant \describe ?
checkRd: (-1) as.star.tree.Rd:26: Lost braces in \itemize; meant \describe ?
checkRd: (-1) as.star.tree.Rd:27: Lost braces in \itemize; meant \describe ?
checkRd: (-1) as.star.tree.Rd:28: Lost braces in \itemize; meant \describe ?
checkRd: (-1) as.star.tree.Rd:29: Lost braces in \itemize; meant \describe ?
Flavors: r-devel-linux-x86_64-debian-clang, r-devel-linux-x86_64-debian-gcc