Last updated on 2021-03-09 05:47:14 CET.
Flavor | Version | Tinstall | Tcheck | Ttotal | Status | Flags |
---|---|---|---|---|---|---|
r-devel-linux-x86_64-debian-clang | 0.8.10 | 37.16 | 149.92 | 187.08 | OK | |
r-devel-linux-x86_64-debian-gcc | 0.8.10 | 28.10 | 109.25 | 137.35 | OK | |
r-devel-linux-x86_64-fedora-clang | 0.8.10 | 231.12 | OK | |||
r-devel-linux-x86_64-fedora-gcc | 0.8.10 | 222.27 | OK | |||
r-devel-windows-ix86+x86_64 | 0.8.10 | 83.00 | 291.00 | 374.00 | OK | |
r-devel-windows-x86_64-gcc10-UCRT | 0.8.10 | OK | ||||
r-patched-linux-x86_64 | 0.8.10 | 30.65 | 138.12 | 168.77 | OK | |
r-patched-solaris-x86 | 0.8.10 | 279.20 | OK | |||
r-release-linux-x86_64 | 0.8.10 | 33.14 | 138.84 | 171.98 | OK | |
r-release-macos-x86_64 | 0.8.10 | NOTE | ||||
r-release-windows-ix86+x86_64 | 0.8.10 | 65.00 | 273.00 | 338.00 | OK | |
r-oldrel-macos-x86_64 | 0.8.10 | OK | ||||
r-oldrel-windows-ix86+x86_64 | 0.8.10 | 58.00 | 189.00 | 247.00 | OK |
Version: 0.8.10
Check: package dependencies
Result: NOTE
Package suggested but not available for checking: ‘testthat’
Flavor: r-release-macos-x86_64