CRAN Package Check Results for Package phylolm

Last updated on 2023-06-06 11:57:48 CEST.

Flavor Version Tinstall Tcheck Ttotal Status Flags
r-devel-linux-x86_64-debian-clang 2.6.2 10.77 72.79 83.56 NOTE
r-devel-linux-x86_64-debian-gcc 2.6.2 6.08 55.36 61.44 NOTE
r-devel-linux-x86_64-fedora-clang 2.6.2 101.70 NOTE
r-devel-linux-x86_64-fedora-gcc 2.6.2 97.16 NOTE
r-devel-windows-x86_64 2.6.2 11.00 77.00 88.00 NOTE
r-patched-linux-x86_64 2.6.2 10.16 69.21 79.37 NOTE
r-release-linux-x86_64 2.6.2 8.24 69.30 77.54 NOTE
r-release-macos-arm64 2.6.2 35.00 NOTE
r-release-macos-x86_64 2.6.2 54.00 NOTE
r-release-windows-x86_64 2.6.2 16.00 86.00 102.00 NOTE
r-oldrel-macos-arm64 2.6.2 32.00 OK
r-oldrel-macos-x86_64 2.6.2 46.00 OK
r-oldrel-windows-x86_64 2.6.2 13.00 91.00 104.00 OK

Check Details

Version: 2.6.2
Check: C++ specification
Result: NOTE
     Specified C++11: please drop specification unless essential
Flavors: r-devel-linux-x86_64-debian-clang, r-devel-linux-x86_64-debian-gcc, r-devel-linux-x86_64-fedora-clang, r-devel-linux-x86_64-fedora-gcc, r-devel-windows-x86_64, r-patched-linux-x86_64, r-release-linux-x86_64, r-release-macos-arm64, r-release-macos-x86_64, r-release-windows-x86_64

Version: 2.6.2
Check: Rd cross-references
Result: NOTE
    Undeclared packages ‘future’, ‘geiger’, ‘caper’ in Rd xrefs
Flavor: r-devel-linux-x86_64-fedora-clang