Last updated on 2024-08-16 11:49:47 CEST.
Flavor | Version | Tinstall | Tcheck | Ttotal | Status | Flags |
---|---|---|---|---|---|---|
r-devel-linux-x86_64-debian-clang | 0.1.0 | 371.33 | 151.90 | 523.23 | NOTE | |
r-devel-linux-x86_64-debian-gcc | 0.1.0 | 334.51 | 134.95 | 469.46 | NOTE | |
r-devel-linux-x86_64-fedora-clang | 0.1.0 | 795.82 | NOTE | |||
r-devel-linux-x86_64-fedora-gcc | 0.1.0 | 1105.13 | NOTE | |||
r-devel-windows-x86_64 | 0.1.0 | 341.00 | 192.00 | 533.00 | NOTE | |
r-patched-linux-x86_64 | 0.1.0 | 434.21 | 180.07 | 614.28 | NOTE | |
r-release-linux-x86_64 | 0.1.0 | 438.88 | 179.47 | 618.35 | NOTE | |
r-release-macos-arm64 | 0.1.0 | 214.00 | NOTE | |||
r-release-macos-x86_64 | 0.1.0 | 276.00 | NOTE | |||
r-release-windows-x86_64 | 0.1.0 | 351.00 | 191.00 | 542.00 | NOTE | |
r-oldrel-macos-arm64 | 0.1.0 | 214.00 | NOTE | |||
r-oldrel-macos-x86_64 | 0.1.0 | 296.00 | NOTE | |||
r-oldrel-windows-x86_64 | 0.1.0 | 460.00 | 233.00 | 693.00 | NOTE |
Version: 0.1.0
Check: for GNU extensions in Makefiles
Result: NOTE
GNU make is a SystemRequirements.
Flavors: r-devel-linux-x86_64-debian-clang, r-devel-linux-x86_64-debian-gcc, r-devel-linux-x86_64-fedora-clang, r-devel-linux-x86_64-fedora-gcc, r-devel-windows-x86_64, r-patched-linux-x86_64, r-release-linux-x86_64, r-release-macos-arm64, r-release-macos-x86_64, r-release-windows-x86_64, r-oldrel-macos-arm64, r-oldrel-macos-x86_64, r-oldrel-windows-x86_64
Version: 0.1.0
Check: installed package size
Result: NOTE
installed size is 84.8Mb
sub-directories of 1Mb or more:
libs 84.4Mb
Flavors: r-release-macos-arm64, r-release-macos-x86_64, r-oldrel-macos-arm64, r-oldrel-macos-x86_64