CRAN Package Check Results for Package picClip

Last updated on 2025-04-30 12:49:12 CEST.

Flavor Version Tinstall Tcheck Ttotal Status Flags
r-devel-linux-x86_64-debian-clang 0.1.0 3.59 33.91 37.50 NOTE
r-devel-linux-x86_64-debian-gcc 0.1.0 3.25 27.15 30.40 NOTE
r-devel-linux-x86_64-fedora-clang 0.1.0 59.52 OK
r-devel-linux-x86_64-fedora-gcc 0.1.0 57.58 OK
r-devel-windows-x86_64 0.1.0 5.00 63.00 68.00 OK
r-patched-linux-x86_64 0.1.0 3.60 32.63 36.23 OK
r-release-linux-x86_64 0.1.0 4.03 32.61 36.64 OK
r-release-macos-arm64 0.1.0 27.00 OK
r-release-macos-x86_64 0.1.0 43.00 OK
r-release-windows-x86_64 0.1.0 6.00 60.00 66.00 OK
r-oldrel-macos-arm64 0.1.0 23.00 OK
r-oldrel-macos-x86_64 0.1.0 33.00 OK
r-oldrel-windows-x86_64 0.1.0 7.00 65.00 72.00 OK

Check Details

Version: 0.1.0
Check: CRAN incoming feasibility
Result: NOTE Maintainer: ‘Matt Deppe <deppemj@gmail.com>’ No Authors@R field in DESCRIPTION. Please add one, modifying Authors@R: person(given = "Matt", family = "Deppe", role = c("aut", "cre"), email = "deppemj@gmail.com") as necessary. Flavors: r-devel-linux-x86_64-debian-clang, r-devel-linux-x86_64-debian-gcc