CRAN Package Check Results for Package pinfsc50

Last updated on 2022-05-26 23:53:03 CEST.

Flavor Version Tinstall Tcheck Ttotal Status Flags
r-devel-linux-x86_64-debian-clang 1.2.0 2.35 27.94 30.29 NOTE
r-devel-linux-x86_64-debian-gcc 1.2.0 1.78 23.84 25.62 NOTE
r-devel-linux-x86_64-fedora-clang 1.2.0 36.98 NOTE
r-devel-linux-x86_64-fedora-gcc 1.2.0 25.71 NOTE
r-devel-windows-x86_64 1.2.0 11.00 41.00 52.00 NOTE
r-patched-linux-x86_64 1.2.0 1.61 27.61 29.22 NOTE
r-release-linux-x86_64 1.2.0 1.74 27.74 29.48 NOTE
r-release-macos-arm64 1.2.0 13.00 NOTE
r-release-macos-x86_64 1.2.0 19.00 NOTE
r-release-windows-x86_64 1.2.0 6.00 40.00 46.00 NOTE
r-oldrel-macos-arm64 1.2.0 20.00 NOTE
r-oldrel-macos-x86_64 1.2.0 25.00 NOTE
r-oldrel-windows-ix86+x86_64 1.2.0 6.00 24.00 30.00 NOTE

Check Details

Version: 1.2.0
Check: LazyData
Result: NOTE
     'LazyData' is specified without a 'data' directory
Flavors: r-devel-linux-x86_64-debian-clang, r-devel-linux-x86_64-debian-gcc, r-devel-linux-x86_64-fedora-clang, r-devel-linux-x86_64-fedora-gcc, r-devel-windows-x86_64, r-patched-linux-x86_64, r-release-linux-x86_64, r-release-macos-arm64, r-release-macos-x86_64, r-release-windows-x86_64, r-oldrel-macos-arm64, r-oldrel-macos-x86_64, r-oldrel-windows-ix86+x86_64