Last updated on 2023-03-21 23:53:02 CET.
Flavor | Version | Tinstall | Tcheck | Ttotal | Status | Flags |
---|---|---|---|---|---|---|
r-devel-linux-x86_64-debian-clang | 1.1.0 | 11.84 | 110.90 | 122.74 | OK | |
r-devel-linux-x86_64-debian-gcc | 1.1.0 | 9.51 | 83.20 | 92.71 | OK | |
r-devel-linux-x86_64-fedora-clang | 1.1.0 | 148.78 | OK | |||
r-devel-linux-x86_64-fedora-gcc | 1.1.0 | 151.45 | OK | |||
r-patched-linux-x86_64 | 1.1.0 | 12.63 | 103.59 | 116.22 | OK | |
r-release-linux-x86_64 | 1.1.0 | 10.45 | 101.69 | 112.14 | OK | |
r-release-macos-arm64 | 1.1.0 | 58.00 | OK | |||
r-release-macos-x86_64 | 1.1.0 | 67.00 | OK | |||
r-release-windows-x86_64 | 1.1.0 | 98.00 | 172.00 | 270.00 | ERROR | |
r-oldrel-macos-arm64 | 1.1.0 | 61.00 | OK | |||
r-oldrel-macos-x86_64 | 1.1.0 | 77.00 | OK | |||
r-oldrel-windows-ix86+x86_64 | 1.1.0 | 21.00 | 140.00 | 161.00 | NOTE |
Version: 1.1.0
Check: re-building of vignette outputs
Result: ERROR
Error(s) in re-building vignettes:
--- re-building 'managing-custom-formats.Rmd' using rmarkdown
--- finished re-building 'managing-custom-formats.Rmd'
--- re-building 'pins-update.Rmd' using rmarkdown
--- finished re-building 'pins-update.Rmd'
--- re-building 'pins.Rmd' using rmarkdown
--- finished re-building 'pins.Rmd'
--- re-building 'posit-connect.Rmd' using rmarkdown
--- finished re-building 'posit-connect.Rmd'
--- re-building 'using-board-url.Rmd' using rmarkdown
Quitting from lines 106-112 (using-board-url.Rmd)
Error: processing vignette 'using-board-url.Rmd' failed with diagnostics:
! Could not start R session, timed out
--- failed re-building 'using-board-url.Rmd'
SUMMARY: processing the following file failed:
'using-board-url.Rmd'
Error: Vignette re-building failed.
Execution halted
Flavor: r-release-windows-x86_64
Version: 1.1.0
Check: dependencies in R code
Result: NOTE
Initiating curl with CURL_SSL_BACKEND: openssl
Flavor: r-oldrel-windows-ix86+x86_64