CRAN Package Check Results for Package piwikproR

Last updated on 2023-03-31 05:54:31 CEST.

Flavor Version Tinstall Tcheck Ttotal Status Flags
r-devel-linux-x86_64-debian-clang 0.4.0 6.52 62.98 69.50 OK
r-devel-linux-x86_64-debian-gcc 0.4.0 5.75 47.43 53.18 OK
r-devel-linux-x86_64-fedora-clang 0.4.0 86.02 OK
r-devel-linux-x86_64-fedora-gcc 0.4.0 92.58 OK
r-devel-windows-x86_64 0.4.0 33.00 0.00 33.00 OK
r-patched-linux-x86_64 0.4.0 8.24 59.43 67.67 OK
r-release-linux-x86_64 0.4.0 4.86 62.63 67.49 OK
r-release-macos-arm64 0.4.0 32.00 OK
r-release-macos-x86_64 0.4.0 41.00 OK
r-release-windows-x86_64 0.4.0 23.00 98.00 121.00 OK
r-oldrel-macos-arm64 0.4.0 33.00 OK
r-oldrel-macos-x86_64 0.4.0 44.00 OK
r-oldrel-windows-ix86+x86_64 0.4.0 15.00 101.00 116.00 WARN

Check Details

Version: 0.4.0
Check: for unstated dependencies in ‘tests’
Result: WARN
    Warning: unable to access index for repository https://bioconductor.org/packages/3.14/bioc/src/contrib:
     cannot open URL 'https://bioconductor.org/packages/3.14/bioc/src/contrib/PACKAGES'
    Warning: unable to access index for repository https://bioconductor.org/packages/3.14/data/annotation/src/contrib:
     cannot open URL 'https://bioconductor.org/packages/3.14/data/annotation/src/contrib/PACKAGES'
    Warning: unable to access index for repository https://bioconductor.org/packages/3.14/data/experiment/src/contrib:
     cannot open URL 'https://bioconductor.org/packages/3.14/data/experiment/src/contrib/PACKAGES'
Flavor: r-oldrel-windows-ix86+x86_64