CRAN Package Check Results for Package pixiedust

Last updated on 2025-01-13 11:48:33 CET.

Flavor Version Tinstall Tcheck Ttotal Status Flags
r-devel-linux-x86_64-debian-clang 0.9.4 6.73 89.48 96.21 NOTE
r-devel-linux-x86_64-debian-gcc 0.9.4 4.67 61.68 66.35 NOTE
r-devel-linux-x86_64-fedora-clang 0.9.4 155.83 NOTE
r-devel-linux-x86_64-fedora-gcc 0.9.4 168.06 NOTE
r-devel-windows-x86_64 0.9.4 8.00 113.00 121.00 NOTE
r-patched-linux-x86_64 0.9.4 8.28 82.87 91.15 NOTE
r-release-linux-x86_64 0.9.4 6.51 83.89 90.40 NOTE
r-release-macos-arm64 0.9.4 45.00 NOTE
r-release-macos-x86_64 0.9.4 76.00 NOTE
r-release-windows-x86_64 0.9.4 9.00 110.00 119.00 NOTE
r-oldrel-macos-arm64 0.9.4 50.00 OK
r-oldrel-macos-x86_64 0.9.4 117.00 OK
r-oldrel-windows-x86_64 0.9.4 10.00 129.00 139.00 OK

Check Details

Version: 0.9.4
Check: Rd files
Result: NOTE checkRd: (-1) sprinkle_colnames.Rd:26-28: Lost braces in \itemize; meant \describe ? checkRd: (-1) sprinkle_colnames.Rd:29-31: Lost braces in \itemize; meant \describe ? checkRd: (-1) tidy_levels_labels.Rd:62: Lost braces in \itemize; meant \describe ? checkRd: (-1) tidy_levels_labels.Rd:63-68: Lost braces in \itemize; meant \describe ? checkRd: (-1) tidy_levels_labels.Rd:69-73: Lost braces in \itemize; meant \describe ? checkRd: (-1) tidy_levels_labels.Rd:74-77: Lost braces in \itemize; meant \describe ? checkRd: (-1) tidy_levels_labels.Rd:78-83: Lost braces in \itemize; meant \describe ? Flavors: r-devel-linux-x86_64-debian-clang, r-devel-linux-x86_64-debian-gcc, r-devel-linux-x86_64-fedora-clang, r-devel-linux-x86_64-fedora-gcc, r-devel-windows-x86_64, r-patched-linux-x86_64, r-release-linux-x86_64, r-release-macos-arm64, r-release-macos-x86_64, r-release-windows-x86_64