CRAN Package Check Results for Package pkgmaker

Last updated on 2024-07-19 17:54:36 CEST.

Flavor Version Tinstall Tcheck Ttotal Status Flags
r-devel-linux-x86_64-debian-clang 0.32.10 12.51 78.58 91.09 NOTE
r-devel-linux-x86_64-debian-gcc 0.32.10 8.19 56.50 64.69 NOTE
r-devel-linux-x86_64-fedora-clang 0.32.10 109.59 NOTE
r-devel-linux-x86_64-fedora-gcc 0.32.10 102.24 NOTE
r-devel-windows-x86_64 0.32.10 13.00 90.00 103.00 NOTE
r-patched-linux-x86_64 0.32.10 13.32 74.54 87.86 NOTE
r-release-linux-x86_64 0.32.10 9.59 72.79 82.38 NOTE
r-release-macos-arm64 0.32.10 34.00 NOTE
r-release-macos-x86_64 0.32.10 56.00 NOTE
r-release-windows-x86_64 0.32.10 10.00 89.00 99.00 NOTE
r-oldrel-macos-arm64 0.32.10 34.00 OK
r-oldrel-macos-x86_64 0.32.10 99.00 OK
r-oldrel-windows-x86_64 0.32.10 15.00 101.00 116.00 OK

Additional issues

noSuggests

Check Details

Version: 0.32.10
Check: Rd files
Result: NOTE checkRd: (-1) write.pkgbib.Rd:44: Lost braces; missing escapes or markup? 44 | The Old version of this function {write.bib} has now been integrated | ^ Flavors: r-devel-linux-x86_64-debian-clang, r-devel-linux-x86_64-debian-gcc, r-devel-linux-x86_64-fedora-clang, r-devel-linux-x86_64-fedora-gcc, r-devel-windows-x86_64, r-patched-linux-x86_64, r-release-linux-x86_64, r-release-macos-arm64, r-release-macos-x86_64, r-release-windows-x86_64

Version: 0.32.10
Check: HTML version of manual
Result: NOTE Found the following HTML validation problems: options.html:83:1 (options.Rd:36): Warning: trimming empty <dt> Flavors: r-devel-linux-x86_64-debian-clang, r-devel-linux-x86_64-debian-gcc, r-devel-linux-x86_64-fedora-clang, r-devel-linux-x86_64-fedora-gcc, r-devel-windows-x86_64, r-patched-linux-x86_64, r-release-linux-x86_64, r-release-windows-x86_64