CRAN Package Check Results for Package plinkQC

Last updated on 2019-10-23 17:50:08 CEST.

Flavor Version Tinstall Tcheck Ttotal Status Flags
r-devel-linux-x86_64-debian-clang 0.3.0 7.19 75.09 82.28 OK
r-devel-linux-x86_64-debian-gcc 0.3.0 5.62 59.11 64.73 OK
r-devel-linux-x86_64-fedora-clang 0.3.0 110.45 OK
r-devel-linux-x86_64-fedora-gcc 0.3.0 97.28 OK
r-devel-windows-ix86+x86_64 0.3.0 13.00 167.00 180.00 OK
r-patched-linux-x86_64 0.3.0 5.75 74.09 79.84 OK
r-patched-solaris-x86 0.3.0 103.70 OK
r-release-linux-x86_64 0.3.0 6.84 75.14 81.98 OK
r-release-windows-ix86+x86_64 0.3.0 26.00 154.00 180.00 OK
r-release-osx-x86_64 0.3.0 OK
r-oldrel-windows-ix86+x86_64 0.2.3 9.00 110.00 119.00 OK
r-oldrel-osx-x86_64 0.3.0 ERROR

Check Details

Version: 0.3.0
Check: whether package can be installed
Result: ERROR
    Installation failed.
Flavor: r-oldrel-osx-x86_64