Last updated on 2024-08-16 11:49:47 CEST.
Flavor | Version | Tinstall | Tcheck | Ttotal | Status | Flags |
---|---|---|---|---|---|---|
r-devel-linux-x86_64-debian-clang | 2.6-4 | 19.23 | 177.15 | 196.38 | OK | |
r-devel-linux-x86_64-debian-gcc | 2.6-4 | 12.38 | 120.35 | 132.73 | OK | |
r-devel-linux-x86_64-fedora-clang | 2.6-4 | 315.80 | NOTE | |||
r-devel-linux-x86_64-fedora-gcc | 2.6-4 | 313.10 | OK | |||
r-devel-windows-x86_64 | 2.6-4 | 24.00 | 199.00 | 223.00 | NOTE | |
r-patched-linux-x86_64 | 2.6-4 | 21.42 | 167.39 | 188.81 | OK | |
r-release-linux-x86_64 | 2.6-4 | 17.83 | 168.42 | 186.25 | OK | |
r-release-macos-arm64 | 2.6-4 | 89.00 | NOTE | |||
r-release-macos-x86_64 | 2.6-4 | 156.00 | NOTE | |||
r-release-windows-x86_64 | 2.6-4 | 24.00 | 198.00 | 222.00 | NOTE | |
r-oldrel-macos-arm64 | 2.6-4 | 97.00 | NOTE | |||
r-oldrel-macos-x86_64 | 2.6-4 | 257.00 | NOTE | |||
r-oldrel-windows-x86_64 | 2.6-4 | 30.00 | 244.00 | 274.00 | NOTE |
Version: 2.6-4
Check: installed package size
Result: NOTE
installed size is 5.7Mb
sub-directories of 1Mb or more:
tests 3.2Mb
Flavors: r-devel-linux-x86_64-fedora-clang, r-devel-windows-x86_64, r-release-macos-arm64, r-release-macos-x86_64, r-release-windows-x86_64, r-oldrel-macos-arm64, r-oldrel-macos-x86_64, r-oldrel-windows-x86_64