Last updated on 2023-12-10 01:52:36 CET.
Flavor | Version | Tinstall | Tcheck | Ttotal | Status | Flags |
---|---|---|---|---|---|---|
r-devel-linux-x86_64-debian-clang | 1.6.2 | 3.82 | 50.92 | 54.74 | OK | |
r-devel-linux-x86_64-debian-gcc | 1.6.2 | 2.74 | 38.24 | 40.98 | OK | |
r-devel-linux-x86_64-fedora-clang | 1.6.2 | 68.17 | NOTE | |||
r-devel-linux-x86_64-fedora-gcc | 1.6.2 | 76.23 | OK | |||
r-devel-windows-x86_64 | 1.6.2 | 4.00 | 60.00 | 64.00 | OK | |
r-patched-linux-x86_64 | 1.6.2 | 3.78 | 49.71 | 53.49 | OK | |
r-release-linux-x86_64 | 1.6.2 | 2.89 | 49.15 | 52.04 | OK | |
r-release-macos-arm64 | 1.6.2 | 29.00 | OK | |||
r-release-macos-x86_64 | 1.6.2 | 46.00 | OK | |||
r-release-windows-x86_64 | 1.6.2 | 3.00 | 65.00 | 68.00 | OK | |
r-oldrel-macos-arm64 | 1.6.2 | 29.00 | OK | |||
r-oldrel-macos-x86_64 | 1.6.2 | 43.00 | OK | |||
r-oldrel-windows-x86_64 | 1.6.2 | 5.00 | 64.00 | 69.00 | OK |
Version: 1.6.2
Check: Rd cross-references
Result: NOTE
Undeclared package ‘exams’ in Rd xrefs
Flavor: r-devel-linux-x86_64-fedora-clang