Last updated on 2024-03-28 11:53:35 CET.
Flavor | Version | Tinstall | Tcheck | Ttotal | Status | Flags |
---|---|---|---|---|---|---|
r-devel-linux-x86_64-debian-clang | 1.6.2 | 3.02 | 53.21 | 56.23 | OK | |
r-devel-linux-x86_64-debian-gcc | 1.6.2 | 2.23 | 39.83 | 42.06 | OK | |
r-devel-linux-x86_64-fedora-clang | 1.6.2 | 72.37 | NOTE | |||
r-devel-linux-x86_64-fedora-gcc | 1.6.2 | 82.57 | OK | |||
r-devel-windows-x86_64 | 1.6.2 | 4.00 | 62.00 | 66.00 | OK | |
r-patched-linux-x86_64 | 1.6.2 | 3.25 | 51.81 | 55.06 | OK | |
r-release-linux-x86_64 | 1.6.2 | 3.65 | 48.82 | 52.47 | OK | |
r-release-macos-arm64 | 1.6.2 | 29.00 | OK | |||
r-release-macos-x86_64 | 1.6.2 | 46.00 | OK | |||
r-release-windows-x86_64 | 1.6.2 | 4.00 | 63.00 | 67.00 | OK | |
r-oldrel-macos-arm64 | 1.6.2 | 29.00 | OK | |||
r-oldrel-windows-x86_64 | 1.6.2 | 5.00 | 66.00 | 71.00 | OK |
Version: 1.6.2
Check: Rd cross-references
Result: NOTE
Undeclared package ‘exams’ in Rd xrefs
Flavor: r-devel-linux-x86_64-fedora-clang