CRAN Package Check Results for Package plotdap

Last updated on 2019-09-18 23:50:07 CEST.

Flavor Version Tinstall Tcheck Ttotal Status Flags
r-devel-linux-x86_64-debian-clang 0.0.3 13.76 207.45 221.21 OK
r-devel-linux-x86_64-debian-gcc 0.0.3 11.90 153.33 165.23 OK
r-devel-linux-x86_64-fedora-clang 0.0.3 242.77 NOTE
r-devel-linux-x86_64-fedora-gcc 0.0.3 250.17 NOTE
r-devel-windows-ix86+x86_64 0.0.3 45.00 102.00 147.00 OK --no-vignettes
r-patched-linux-x86_64 0.0.3 12.32 193.28 205.60 OK
r-patched-solaris-x86 0.0.3 404.40 NOTE
r-release-linux-x86_64 0.0.3 13.27 187.22 200.49 OK
r-release-windows-ix86+x86_64 0.0.3 21.00 161.00 182.00 OK --no-vignettes
r-release-osx-x86_64 0.0.3 NOTE
r-oldrel-windows-ix86+x86_64 0.0.3 16.00 186.00 202.00 OK --no-vignettes
r-oldrel-osx-x86_64 0.0.3 NOTE

Check Details

Version: 0.0.3
Check: dependencies in R code
Result: NOTE
    Namespaces in Imports field not imported from:
     ‘maptools’ ‘rgdal’ ‘rgeos’
     All declared Imports should be used.
Flavors: r-devel-linux-x86_64-fedora-clang, r-devel-linux-x86_64-fedora-gcc, r-patched-solaris-x86, r-release-osx-x86_64, r-oldrel-osx-x86_64