CRAN Package Check Results for Package plotluck

Last updated on 2024-02-29 18:20:29 CET.

Flavor Version Tinstall Tcheck Ttotal Status Flags
r-devel-linux-x86_64-debian-clang 1.1.1 7.30 175.35 182.65 NOTE
r-devel-linux-x86_64-debian-gcc 1.1.1 7.34 134.44 141.78 NOTE
r-devel-linux-x86_64-fedora-clang 1.1.1 231.17 NOTE
r-devel-linux-x86_64-fedora-gcc 1.1.1 231.65 NOTE
r-devel-windows-x86_64 1.1.1 8.00 148.00 156.00 NOTE
r-patched-linux-x86_64 1.1.1 5.72 175.79 181.51 NOTE
r-release-linux-x86_64 1.1.1 5.53 173.05 178.58 NOTE
r-release-macos-arm64 1.1.1 81.00 NOTE
r-release-macos-x86_64 1.1.1 128.00 NOTE
r-release-windows-x86_64 1.1.1 12.00 179.00 191.00 NOTE
r-oldrel-macos-arm64 1.1.1 67.00 NOTE
r-oldrel-windows-x86_64 1.1.1 13.00 191.00 204.00 NOTE

Check Details

Version: 1.1.1
Check: Rd files
Result: NOTE checkRd: (-1) plotluck.Rd:129: Lost braces 129 | in factors are are shown as a special factor level code{"?"}. They can be | ^ Flavors: r-devel-linux-x86_64-debian-clang, r-devel-linux-x86_64-debian-gcc, r-devel-linux-x86_64-fedora-clang, r-devel-linux-x86_64-fedora-gcc

Version: 1.1.1
Check: LazyData
Result: NOTE 'LazyData' is specified without a 'data' directory Flavors: r-devel-linux-x86_64-debian-clang, r-devel-linux-x86_64-debian-gcc, r-devel-linux-x86_64-fedora-clang, r-devel-linux-x86_64-fedora-gcc, r-devel-windows-x86_64, r-patched-linux-x86_64, r-release-linux-x86_64, r-release-macos-arm64, r-release-macos-x86_64, r-release-windows-x86_64, r-oldrel-macos-arm64, r-oldrel-windows-x86_64

Version: 1.1.1
Check: dependencies in R code
Result: NOTE Namespaces in Imports field not imported from: ‘hexbin’ ‘quantreg’ All declared Imports should be used. Flavors: r-devel-linux-x86_64-fedora-clang, r-devel-linux-x86_64-fedora-gcc, r-oldrel-macos-arm64