CRAN Package Check Results for Package plotly

Last updated on 2022-10-06 05:59:35 CEST.

Flavor Version Tinstall Tcheck Ttotal Status Flags
r-devel-linux-x86_64-debian-clang 4.10.0 18.88 270.47 289.35 OK
r-devel-linux-x86_64-debian-gcc 4.10.0 14.81 188.89 203.70 OK
r-devel-linux-x86_64-fedora-clang 4.10.0 347.79 NOTE
r-devel-linux-x86_64-fedora-gcc 4.10.0 348.51 OK
r-devel-windows-x86_64 4.10.0 448.00 293.00 741.00 NOTE
r-patched-linux-x86_64 4.10.0 18.94 242.63 261.57 OK
r-release-linux-x86_64 4.10.0 15.84 240.10 255.94 OK
r-release-macos-arm64 4.10.0 82.00 NOTE
r-release-macos-x86_64 4.10.0 151.00 NOTE
r-release-windows-x86_64 4.10.0 325.00 298.00 623.00 NOTE
r-oldrel-macos-arm64 4.10.0 99.00 NOTE
r-oldrel-macos-x86_64 4.10.0 115.00 NOTE
r-oldrel-windows-ix86+x86_64 4.10.0 34.00 281.00 315.00 NOTE

Check Details

Version: 4.10.0
Check: installed package size
Result: NOTE
     installed size is 7.1Mb
     sub-directories of 1Mb or more:
     htmlwidgets 4.0Mb
Flavors: r-devel-linux-x86_64-fedora-clang, r-devel-windows-x86_64, r-release-macos-arm64, r-release-macos-x86_64, r-release-windows-x86_64, r-oldrel-macos-arm64, r-oldrel-macos-x86_64, r-oldrel-windows-ix86+x86_64