CRAN Package Check Results for Package pls

Last updated on 2020-11-24 17:49:52 CET.

Flavor Version Tinstall Tcheck Ttotal Status Flags
r-devel-linux-x86_64-debian-clang 2.7-3 7.63 65.92 73.55 OK
r-devel-linux-x86_64-debian-gcc 2.7-3 4.85 49.56 54.41 OK
r-devel-linux-x86_64-fedora-clang 2.7-3 90.22 NOTE
r-devel-linux-x86_64-fedora-gcc 2.7-3 82.02 OK
r-devel-windows-ix86+x86_64 2.7-3 11.00 83.00 94.00 OK
r-patched-linux-x86_64 2.7-3 7.72 64.17 71.89 OK
r-patched-solaris-x86 2.7-3 129.40 OK
r-release-linux-x86_64 2.7-3 6.47 63.96 70.43 OK
r-release-macos-x86_64 2.7-3 NOTE
r-release-windows-ix86+x86_64 2.7-3 9.00 65.00 74.00 OK
r-oldrel-macos-x86_64 2.7-3 NOTE
r-oldrel-windows-ix86+x86_64 2.7-3 8.00 80.00 88.00 OK

Check Details

Version: 2.7-3
Check: Rd cross-references
Result: NOTE
    Undeclared package ‘sm’ in Rd xrefs
Flavor: r-devel-linux-x86_64-fedora-clang

Version: 2.7-3
Check: package dependencies
Result: NOTE
    Package suggested but not available for checking: ‘Rmpi’
Flavors: r-release-macos-x86_64, r-oldrel-macos-x86_64