CRAN Package Check Results for Package plsmod

Last updated on 2021-07-27 11:51:13 CEST.

Flavor Version Tinstall Tcheck Ttotal Status Flags
r-devel-linux-x86_64-debian-clang 0.1.1 11.10 112.58 123.68 NOTE
r-devel-linux-x86_64-debian-gcc 0.1.1 10.11 84.57 94.68 NOTE
r-devel-linux-x86_64-fedora-clang 0.1.1 157.06 NOTE
r-devel-linux-x86_64-fedora-gcc 0.1.1 141.96 NOTE
r-devel-windows-x86_64 0.1.1 18.00 128.00 146.00 NOTE
r-devel-windows-x86_64-gcc10-UCRT 0.1.1 NOTE
r-patched-linux-x86_64 0.1.1 12.04 104.23 116.27 NOTE
r-patched-solaris-x86 0.1.1 227.30 NOTE
r-release-linux-x86_64 0.1.1 9.65 104.38 114.03 NOTE
r-release-macos-arm64 0.1.1 ERROR
r-release-macos-x86_64 0.1.1 NOTE
r-release-windows-ix86+x86_64 0.1.1 27.00 126.00 153.00 NOTE
r-oldrel-macos-x86_64 0.1.1 OK
r-oldrel-windows-ix86+x86_64 0.1.1 21.00 135.00 156.00 OK

Check Details

Version: 0.1.1
Check: LazyData
Result: NOTE
     'LazyData' is specified without a 'data' directory
Flavors: r-devel-linux-x86_64-debian-clang, r-devel-linux-x86_64-debian-gcc, r-devel-linux-x86_64-fedora-clang, r-devel-linux-x86_64-fedora-gcc, r-devel-windows-x86_64, r-devel-windows-x86_64-gcc10-UCRT, r-patched-linux-x86_64, r-patched-solaris-x86, r-release-linux-x86_64, r-release-macos-x86_64, r-release-windows-ix86+x86_64

Version: 0.1.1
Check: package dependencies
Result: ERROR
    Package required but not available: ‘mixOmics’
    
    See section ‘The DESCRIPTION file’ in the ‘Writing R Extensions’
    manual.
Flavor: r-release-macos-arm64