Last updated on 2023-09-24 05:53:18 CEST.
Flavor | Version | Tinstall | Tcheck | Ttotal | Status | Flags |
---|---|---|---|---|---|---|
r-devel-linux-x86_64-debian-clang | 0.5.0 | 10.19 | 75.02 | 85.21 | OK | |
r-devel-linux-x86_64-debian-gcc | 0.5.0 | 6.11 | 55.66 | 61.77 | OK | |
r-devel-linux-x86_64-fedora-clang | 0.5.0 | 109.33 | OK | |||
r-devel-linux-x86_64-fedora-gcc | 0.5.0 | 108.89 | OK | |||
r-devel-windows-x86_64 | 0.5.0 | 9.00 | 99.00 | 108.00 | OK | |
r-patched-linux-x86_64 | 0.5.0 | 13.04 | 69.70 | 82.74 | OK | |
r-release-linux-x86_64 | 0.5.0 | 6.77 | 70.17 | 76.94 | OK | |
r-release-macos-arm64 | 0.5.0 | 37.00 | OK | |||
r-release-macos-x86_64 | 0.5.0 | 55.00 | NOTE | |||
r-release-windows-x86_64 | 0.5.0 | 11.00 | 101.00 | 112.00 | OK | |
r-oldrel-macos-arm64 | 0.5.0 | 33.00 | OK | |||
r-oldrel-macos-x86_64 | 0.5.0 | 44.00 | OK | |||
r-oldrel-windows-x86_64 | 0.5.0 | 10.00 | 104.00 | 114.00 | OK |
Version: 0.5.0
Check: package dependencies
Result: NOTE
Package suggested but not available for checking: ‘FactoMineR’
Flavor: r-release-macos-x86_64