CRAN Package Check Results for Package plspm

Last updated on 2024-07-19 17:54:36 CEST.

Flavor Version Tinstall Tcheck Ttotal Status Flags
r-devel-linux-x86_64-debian-clang 0.5.1 9.60 77.42 87.02 OK
r-devel-linux-x86_64-debian-gcc 0.5.1 6.68 56.75 63.43 OK
r-devel-linux-x86_64-fedora-clang 0.5.1 110.30 OK
r-devel-linux-x86_64-fedora-gcc 0.5.1 116.12 OK
r-devel-windows-x86_64 0.5.1 8.00 96.00 104.00 NOTE
r-patched-linux-x86_64 0.5.1 11.41 72.79 84.20 OK
r-release-linux-x86_64 0.5.1 6.40 71.89 78.29 OK
r-release-macos-arm64 0.5.1 36.00 OK
r-release-macos-x86_64 0.5.1 65.00 WARN
r-release-windows-x86_64 0.5.1 8.00 95.00 103.00 OK
r-oldrel-macos-arm64 0.5.1 41.00 OK
r-oldrel-macos-x86_64 0.5.1 90.00 OK
r-oldrel-windows-x86_64 0.5.1 11.00 103.00 114.00 OK

Check Details

Version: 0.5.1
Check: Rd cross-references
Result: NOTE Found the following Rd file(s) with Rd \link{} targets missing package anchors: innerplot.Rd: plotmat outerplot.Rd: plotmat plot.plspm.Rd: plotmat Please provide package anchors for all Rd \link{} targets not in the package itself and the base packages. Flavor: r-devel-windows-x86_64

Version: 0.5.1
Check: re-building of vignette outputs
Result: WARN Error(s) in re-building vignettes: ... --- re-building ‘plspm_introduction.Rnw’ using knitr Error: processing vignette 'plspm_introduction.Rnw' failed with diagnostics: Running 'texi2dvi' on 'plspm_introduction.tex' failed. LaTeX errors: ! Undefined control sequence. l.120 \hlkwd{install.packages}\hldef {(}\hlsng{"plspm"}\hldef{)} ? ! Emergency stop. ! Emergency stop. l.120 End of file on the terminal! ! ==> Fatal error occurred, no output PDF file produced! --- failed re-building ‘plspm_introduction.Rnw’ SUMMARY: processing the following file failed: ‘plspm_introduction.Rnw’ Error: Vignette re-building failed. Execution halted Flavor: r-release-macos-x86_64