CRAN Package Check Results for Package plumbertableau

Last updated on 2022-07-03 05:49:57 CEST.

Flavor Version Tinstall Tcheck Ttotal Status Flags
r-devel-linux-x86_64-debian-clang 0.1.0 4.66 45.36 50.02 OK
r-devel-linux-x86_64-debian-gcc 0.1.0 3.12 35.29 38.41 OK
r-devel-linux-x86_64-fedora-clang 0.1.0 70.91 NOTE
r-devel-linux-x86_64-fedora-gcc 0.1.0 69.96 NOTE
r-devel-windows-x86_64 0.1.0 36.00 83.00 119.00 OK
r-patched-linux-x86_64 0.1.0 4.36 44.84 49.20 OK
r-release-linux-x86_64 0.1.0 3.39 43.91 47.30 OK
r-release-macos-arm64 0.1.0 28.00 NOTE
r-release-macos-x86_64 0.1.0 38.00 NOTE
r-release-windows-x86_64 0.1.0 46.00 97.00 143.00 OK
r-oldrel-macos-arm64 0.1.0 38.00 NOTE
r-oldrel-macos-x86_64 0.1.0 39.00 NOTE
r-oldrel-windows-ix86+x86_64 0.1.0 9.00 73.00 82.00 OK

Check Details

Version: 0.1.0
Check: dependencies in R code
Result: NOTE
    Namespace in Imports field not imported from: ‘glue’
     All declared Imports should be used.
Flavors: r-devel-linux-x86_64-fedora-clang, r-devel-linux-x86_64-fedora-gcc, r-release-macos-arm64, r-release-macos-x86_64, r-oldrel-macos-arm64, r-oldrel-macos-x86_64