Last updated on 2025-02-01 11:49:34 CET.
Flavor | Version | Tinstall | Tcheck | Ttotal | Status | Flags |
---|---|---|---|---|---|---|
r-devel-linux-x86_64-debian-clang | 1.8.9 | 14.58 | 66.02 | 80.60 | OK | |
r-devel-linux-x86_64-debian-gcc | 1.8.9 | 9.67 | 48.27 | 57.94 | OK | |
r-devel-linux-x86_64-fedora-clang | 1.8.9 | 132.17 | OK | |||
r-devel-linux-x86_64-fedora-gcc | 1.8.9 | 126.94 | OK | |||
r-devel-windows-x86_64 | 1.8.9 | 19.00 | 154.00 | 173.00 | OK | |
r-patched-linux-x86_64 | 1.8.9 | 14.94 | 62.05 | 76.99 | OK | |
r-release-linux-x86_64 | 1.8.9 | 12.82 | 61.78 | 74.60 | OK | |
r-release-macos-arm64 | 1.8.9 | 44.00 | NOTE | |||
r-release-macos-x86_64 | 1.8.9 | 67.00 | OK | |||
r-release-windows-x86_64 | 1.8.9 | 19.00 | 114.00 | 133.00 | OK | |
r-oldrel-macos-arm64 | 1.8.9 | 52.00 | OK | |||
r-oldrel-macos-x86_64 | 1.8.9 | 115.00 | OK | |||
r-oldrel-windows-x86_64 | 1.8.9 | 21.00 | 138.00 | 159.00 | OK |
Version: 1.8.9
Check: package dependencies
Result: NOTE
Package suggested but not available for checking: ‘abind’
Flavor: r-release-macos-arm64