Last updated on 2024-08-16 11:49:47 CEST.
Flavor | Version | Tinstall | Tcheck | Ttotal | Status | Flags |
---|---|---|---|---|---|---|
r-devel-linux-x86_64-debian-clang | 2.4.5 | 79.65 | 189.93 | 269.58 | NOTE | |
r-devel-linux-x86_64-debian-gcc | 2.4.5 | 56.98 | 124.35 | 181.33 | NOTE | |
r-devel-linux-x86_64-fedora-clang | 2.4.5 | 471.95 | NOTE | |||
r-devel-linux-x86_64-fedora-gcc | 2.4.5 | 459.96 | NOTE | |||
r-devel-windows-x86_64 | 2.4.5 | 91.00 | 251.00 | 342.00 | NOTE | |
r-patched-linux-x86_64 | 2.4.5 | 88.16 | 179.75 | 267.91 | NOTE | |
r-release-linux-x86_64 | 2.4.5 | 80.10 | 180.90 | 261.00 | NOTE | |
r-release-macos-arm64 | 2.4.5 | 111.00 | NOTE | |||
r-release-macos-x86_64 | 2.4.5 | 156.00 | NOTE | |||
r-release-windows-x86_64 | 2.4.5 | 91.00 | 245.00 | 336.00 | NOTE | |
r-oldrel-macos-arm64 | 2.4.5 | 114.00 | NOTE | |||
r-oldrel-macos-x86_64 | 2.4.5 | 253.00 | NOTE | |||
r-oldrel-windows-x86_64 | 2.4.5 | 106.00 | 298.00 | 404.00 | NOTE |
Version: 2.4.5
Check: package dependencies
Result: NOTE
Package suggested but not available for checking: ‘pmartRdata’
Flavors: r-devel-linux-x86_64-debian-clang, r-devel-linux-x86_64-debian-gcc, r-devel-linux-x86_64-fedora-clang, r-devel-linux-x86_64-fedora-gcc, r-devel-windows-x86_64, r-patched-linux-x86_64, r-release-linux-x86_64, r-release-macos-arm64, r-release-macos-x86_64, r-release-windows-x86_64, r-oldrel-macos-arm64, r-oldrel-macos-x86_64, r-oldrel-windows-x86_64
Version: 2.4.5
Check: installed package size
Result: NOTE
installed size is 7.5Mb
sub-directories of 1Mb or more:
libs 5.0Mb
Flavors: r-release-macos-arm64, r-release-macos-x86_64, r-oldrel-macos-arm64, r-oldrel-macos-x86_64