CRAN Package Check Results for Package pmclust

Last updated on 2019-07-16 00:14:36 CEST.

Flavor Version Tinstall Tcheck Ttotal Status Flags
r-devel-linux-x86_64-debian-clang 0.2-0 9.23 62.26 71.49 OK
r-devel-linux-x86_64-debian-gcc 0.2-0 8.11 49.89 58.00 OK
r-devel-linux-x86_64-fedora-clang 0.2-0 87.38 OK
r-devel-linux-x86_64-fedora-gcc 0.2-0 88.20 OK
r-devel-windows-ix86+x86_64 0.2-0 25.00 96.00 121.00 OK
r-patched-linux-x86_64 0.2-0 9.51 62.65 72.16 OK
r-patched-solaris-x86 0.2-0 121.90 OK
r-release-linux-x86_64 0.2-0 8.91 60.80 69.71 OK
r-release-windows-ix86+x86_64 0.2-0 20.00 134.00 154.00 OK
r-release-osx-x86_64 0.2-0 ERROR
r-oldrel-windows-ix86+x86_64 0.2-0 26.00 89.00 115.00 OK
r-oldrel-osx-x86_64 0.2-0 ERROR

Check Details

Version: 0.2-0
Check: package dependencies
Result: ERROR
    Packages required but not available: 'pbdMPI', 'pbdBASE', 'pbdDMAT'
    
    See section ‘The DESCRIPTION file’ in the ‘Writing R Extensions’
    manual.
Flavor: r-release-osx-x86_64

Version: 0.2-0
Check: package dependencies
Result: ERROR
    Packages required but not available: ‘pbdMPI’ ‘pbdBASE’ ‘pbdDMAT’
    
    See section ‘The DESCRIPTION file’ in the ‘Writing R Extensions’
    manual.
Flavor: r-oldrel-osx-x86_64