CRAN Package Check Results for Package pmclust

Last updated on 2019-04-22 17:50:30 CEST.

Flavor Version Tinstall Tcheck Ttotal Status Flags
r-devel-linux-x86_64-debian-clang 0.2-0 9.19 62.61 71.80 OK
r-devel-linux-x86_64-debian-gcc 0.2-0 7.74 49.53 57.27 OK
r-devel-linux-x86_64-fedora-clang 0.2-0 85.26 OK
r-devel-linux-x86_64-fedora-gcc 0.2-0 82.93 OK
r-devel-windows-ix86+x86_64 0.2-0 25.00 96.00 121.00 OK
r-patched-linux-x86_64 0.2-0 8.63 62.78 71.41 OK
r-patched-solaris-x86 0.2-0 117.80 OK
r-release-linux-x86_64 0.2-0 6.63 61.87 68.50 OK
r-release-windows-ix86+x86_64 0.2-0 16.00 127.00 143.00 OK
r-release-osx-x86_64 0.2-0 ERROR
r-oldrel-windows-ix86+x86_64 0.2-0 14.00 125.00 139.00 OK
r-oldrel-osx-x86_64 0.2-0 ERROR

Check Details

Version: 0.2-0
Check: package dependencies
Result: ERROR
    Packages required but not available: ‘pbdMPI’ ‘pbdBASE’ ‘pbdDMAT’
    
    See section ‘The DESCRIPTION file’ in the ‘Writing R Extensions’
    manual.
Flavors: r-release-osx-x86_64, r-oldrel-osx-x86_64