CRAN Package Check Results for Package pmd

Last updated on 2022-11-30 23:54:47 CET.

Flavor Version Tinstall Tcheck Ttotal Status Flags
r-devel-linux-x86_64-debian-clang 0.2.1 8.00 159.29 167.29 OK
r-devel-linux-x86_64-debian-gcc 0.2.1 5.07 120.99 126.06 OK
r-devel-linux-x86_64-fedora-clang 0.2.1 222.38 NOTE
r-devel-linux-x86_64-fedora-gcc 0.2.1 225.96 NOTE
r-devel-windows-x86_64 0.2.1 21.00 216.00 237.00 OK
r-patched-linux-x86_64 0.2.1 5.64 152.72 158.36 OK
r-release-linux-x86_64 0.2.1 6.34 153.65 159.99 OK
r-release-macos-arm64 0.2.1 62.00 NOTE
r-release-macos-x86_64 0.2.1 90.00 NOTE
r-release-windows-x86_64 0.2.1 24.00 209.00 233.00 OK
r-oldrel-macos-arm64 0.2.1 112.00 NOTE
r-oldrel-macos-x86_64 0.2.1 81.00 NOTE
r-oldrel-windows-ix86+x86_64 0.2.1 13.00 225.00 238.00 OK

Check Details

Version: 0.2.1
Check: data for non-ASCII characters
Result: NOTE
     Note: found 62 marked UTF-8 strings
Flavors: r-devel-linux-x86_64-fedora-clang, r-devel-linux-x86_64-fedora-gcc, r-release-macos-arm64, r-release-macos-x86_64, r-oldrel-macos-arm64, r-oldrel-macos-x86_64