CRAN Package Check Results for Package pmxTools

Last updated on 2019-10-19 17:47:01 CEST.

Flavor Version Tinstall Tcheck Ttotal Status Flags
r-devel-linux-x86_64-debian-clang 0.1.1 7.99 55.03 63.02 OK
r-devel-linux-x86_64-debian-gcc 0.1.1 8.43 42.18 50.61 OK
r-devel-linux-x86_64-fedora-clang 0.1.1 76.86 NOTE
r-devel-linux-x86_64-fedora-gcc 0.1.1 74.00 NOTE
r-devel-windows-ix86+x86_64 0.1.1 20.00 99.00 119.00 OK
r-patched-linux-x86_64 0.1.1 9.87 52.92 62.79 OK
r-patched-solaris-x86 0.1.1 103.10 NOTE
r-release-linux-x86_64 0.1.1 8.22 55.24 63.46 OK
r-release-windows-ix86+x86_64 0.1.1 16.00 107.00 123.00 OK
r-release-osx-x86_64 0.1.1 NOTE
r-oldrel-windows-ix86+x86_64 0.1.1 11.00 62.00 73.00 OK
r-oldrel-osx-x86_64 0.1.1 NOTE

Check Details

Version: 0.1.1
Check: dependencies in R code
Result: NOTE
    Namespaces in Imports field not imported from:
     ‘GGally’ ‘PKNCA’ ‘grid’ ‘magrittr’ ‘plyr’
     All declared Imports should be used.
Flavors: r-devel-linux-x86_64-fedora-clang, r-devel-linux-x86_64-fedora-gcc, r-patched-solaris-x86, r-release-osx-x86_64, r-oldrel-osx-x86_64