CRAN Package Check Results for Package poio

Last updated on 2021-01-22 11:50:23 CET.

Flavor Version Tinstall Tcheck Ttotal Status Flags
r-devel-linux-x86_64-debian-clang 0.0-4 10.00 82.26 92.26 OK
r-devel-linux-x86_64-debian-gcc 0.0-4 7.57 60.94 68.51 OK
r-devel-linux-x86_64-fedora-clang 0.0-4 115.61 NOTE
r-devel-linux-x86_64-fedora-gcc 0.0-4 107.54 NOTE
r-devel-windows-ix86+x86_64 0.0-4 27.00 84.00 111.00 OK
r-patched-linux-x86_64 0.0-4 10.46 75.44 85.90 OK
r-patched-solaris-x86 0.0-4 140.90 NOTE
r-release-linux-x86_64 0.0-4 9.16 76.47 85.63 OK
r-release-macos-x86_64 0.0-4 NOTE
r-release-windows-ix86+x86_64 0.0-4 41.00 108.00 149.00 OK
r-oldrel-macos-x86_64 0.0-4 NOTE
r-oldrel-windows-ix86+x86_64 0.0-4 14.00 73.00 87.00 OK

Check Details

Version: 0.0-4
Check: Rd cross-references
Result: NOTE
    Undeclared package ‘ISOcodes’ in Rd xrefs
Flavor: r-devel-linux-x86_64-fedora-clang

Version: 0.0-4
Check: data for non-ASCII characters
Result: NOTE
     Note: found 8 marked UTF-8 strings
Flavors: r-devel-linux-x86_64-fedora-clang, r-devel-linux-x86_64-fedora-gcc, r-patched-solaris-x86, r-release-macos-x86_64, r-oldrel-macos-x86_64