CRAN Package Check Results for Package pokemon

Last updated on 2024-07-23 23:48:20 CEST.

Flavor Version Tinstall Tcheck Ttotal Status Flags
r-devel-linux-x86_64-debian-clang 0.1.3 1.72 21.07 22.79 OK
r-devel-linux-x86_64-debian-gcc 0.1.3 1.53 16.55 18.08 OK
r-devel-linux-x86_64-fedora-clang 0.1.3 30.02 NOTE
r-devel-linux-x86_64-fedora-gcc 0.1.3 28.18 NOTE
r-devel-windows-x86_64 0.1.3 3.00 41.00 44.00 OK
r-patched-linux-x86_64 0.1.3 1.77 21.12 22.89 OK
r-release-linux-x86_64 0.1.3 1.79 20.28 22.07 OK
r-release-macos-arm64 0.1.3 14.00 OK
r-release-macos-x86_64 0.1.3 22.00 OK
r-release-windows-x86_64 0.1.3 3.00 41.00 44.00 OK
r-oldrel-macos-arm64 0.1.3 16.00 OK
r-oldrel-macos-x86_64 0.1.3 19.00 OK
r-oldrel-windows-x86_64 0.1.3 3.00 38.00 41.00 OK

Check Details

Version: 0.1.3
Check: data for non-ASCII characters
Result: NOTE Note: found 437 marked UTF-8 strings Flavors: r-devel-linux-x86_64-fedora-clang, r-devel-linux-x86_64-fedora-gcc