Last updated on 2024-08-31 17:49:03 CEST.
Flavor | Version | Tinstall | Tcheck | Ttotal | Status | Flags |
---|---|---|---|---|---|---|
r-devel-linux-x86_64-debian-clang | 0.1.3 | 1.46 | 16.87 | 18.33 | OK | |
r-devel-linux-x86_64-debian-gcc | 0.1.3 | 1.16 | 14.17 | 15.33 | OK | |
r-devel-linux-x86_64-fedora-clang | 0.1.3 | 30.39 | NOTE | |||
r-devel-linux-x86_64-fedora-gcc | 0.1.3 | 28.06 | NOTE | |||
r-devel-windows-x86_64 | 0.1.3 | 3.00 | 41.00 | 44.00 | OK | |
r-patched-linux-x86_64 | 0.1.3 | 1.43 | 16.48 | 17.91 | OK | |
r-release-linux-x86_64 | 0.1.3 | 1.48 | 16.38 | 17.86 | OK | |
r-release-macos-arm64 | 0.1.3 | 14.00 | OK | |||
r-release-macos-x86_64 | 0.1.3 | 22.00 | OK | |||
r-release-windows-x86_64 | 0.1.3 | 3.00 | 41.00 | 44.00 | OK | |
r-oldrel-macos-arm64 | 0.1.3 | 16.00 | OK | |||
r-oldrel-macos-x86_64 | 0.1.3 | 19.00 | OK | |||
r-oldrel-windows-x86_64 | 0.1.3 | 3.00 | 38.00 | 41.00 | OK |
Version: 0.1.3
Check: data for non-ASCII characters
Result: NOTE
Note: found 437 marked UTF-8 strings
Flavors: r-devel-linux-x86_64-fedora-clang, r-devel-linux-x86_64-fedora-gcc