CRAN Package Check Results for Package pokemon

Last updated on 2023-10-05 01:01:52 CEST.

Flavor Version Tinstall Tcheck Ttotal Status Flags
r-devel-linux-x86_64-debian-clang 0.1.3 1.95 20.93 22.88 OK
r-devel-linux-x86_64-debian-gcc 0.1.3 1.39 16.28 17.67 OK
r-devel-linux-x86_64-fedora-clang 0.1.3 28.11 NOTE
r-devel-linux-x86_64-fedora-gcc 0.1.3 27.58 NOTE
r-devel-windows-x86_64 0.1.3 3.00 43.00 46.00 OK
r-patched-linux-x86_64 0.1.3 2.10 20.48 22.58 OK
r-release-linux-x86_64 0.1.3 1.71 20.25 21.96 OK
r-release-macos-arm64 0.1.3 16.00 OK
r-release-macos-x86_64 0.1.3 19.00 OK
r-release-windows-x86_64 0.1.3 4.00 46.00 50.00 OK
r-oldrel-macos-arm64 0.1.3 17.00 OK
r-oldrel-macos-x86_64 0.1.3 19.00 OK
r-oldrel-windows-x86_64 0.1.3 14.00 48.00 62.00 OK

Check Details

Version: 0.1.3
Check: data for non-ASCII characters
Result: NOTE
     Note: found 437 marked UTF-8 strings
Flavors: r-devel-linux-x86_64-fedora-clang, r-devel-linux-x86_64-fedora-gcc