CRAN Package Check Results for Package polaroid

Last updated on 2022-01-26 23:50:28 CET.

Flavor Version Tinstall Tcheck Ttotal Status Flags
r-devel-linux-x86_64-debian-clang 0.0.1 3.07 40.43 43.50 NOTE
r-devel-linux-x86_64-debian-gcc 0.0.1 2.44 32.36 34.80 NOTE
r-devel-linux-x86_64-fedora-clang 0.0.1 54.12 NOTE
r-devel-linux-x86_64-fedora-gcc 0.0.1 43.43 NOTE
r-devel-windows-x86_64-new-UL 0.0.1 20.00 72.00 92.00 NOTE
r-devel-windows-x86_64-new-TK 0.0.1 NOTE
r-patched-linux-x86_64 0.0.1 3.15 39.05 42.20 NOTE
r-release-linux-x86_64 0.0.1 2.33 38.88 41.21 NOTE
r-release-macos-arm64 0.0.1 NOTE
r-release-macos-x86_64 0.0.1 NOTE
r-release-windows-ix86+x86_64 0.0.1 10.00 51.00 61.00 NOTE
r-oldrel-macos-x86_64 0.0.1 NOTE
r-oldrel-windows-ix86+x86_64 0.0.1 10.00 53.00 63.00 OK

Check Details

Version: 0.0.1
Check: LazyData
Result: NOTE
     'LazyData' is specified without a 'data' directory
Flavors: r-devel-linux-x86_64-debian-clang, r-devel-linux-x86_64-debian-gcc, r-devel-linux-x86_64-fedora-clang, r-devel-linux-x86_64-fedora-gcc, r-devel-windows-x86_64-new-UL, r-devel-windows-x86_64-new-TK, r-patched-linux-x86_64, r-release-linux-x86_64, r-release-macos-arm64, r-release-macos-x86_64, r-release-windows-ix86+x86_64

Version: 0.0.1
Check: dependencies in R code
Result: NOTE
    Namespaces in Imports field not imported from:
     ‘argonDash’ ‘argonR’ ‘colourpicker’ ‘ggplot2’ ‘grid’ ‘hexSticker’
     ‘png’ ‘shinyWidgets’
     All declared Imports should be used.
Flavors: r-devel-linux-x86_64-fedora-clang, r-devel-linux-x86_64-fedora-gcc, r-devel-windows-x86_64-new-TK, r-release-macos-arm64, r-release-macos-x86_64, r-oldrel-macos-x86_64