CRAN Package Check Results for Package polished

Last updated on 2022-01-26 11:53:47 CET.

Flavor Version Tinstall Tcheck Ttotal Status Flags
r-devel-linux-x86_64-debian-clang 0.5.0 11.10 93.01 104.11 OK
r-devel-linux-x86_64-debian-gcc 0.5.0 7.67 71.01 78.68 OK
r-devel-linux-x86_64-fedora-clang 0.5.0 135.08 NOTE
r-devel-linux-x86_64-fedora-gcc 0.5.0 118.19 OK
r-devel-windows-x86_64-new-UL 0.5.0 184.00 149.00 333.00 OK
r-devel-windows-x86_64-new-TK 0.5.0 OK
r-patched-linux-x86_64 0.5.0 12.06 87.39 99.45 OK
r-release-linux-x86_64 0.5.0 10.55 87.31 97.86 OK
r-release-macos-arm64 0.5.0 OK
r-release-macos-x86_64 0.5.0 OK
r-release-windows-ix86+x86_64 0.5.0 24.00 116.00 140.00 OK
r-oldrel-macos-x86_64 0.5.0 OK
r-oldrel-windows-ix86+x86_64 0.5.0 26.00 125.00 151.00 OK

Check Details

Version: 0.5.0
Check: package dependencies
Result: NOTE
    Imports includes 23 non-default packages.
    Importing from so many packages makes the package vulnerable to any of
    them becoming unavailable. Move as many as possible to Suggests and
    use conditionally.
Flavor: r-devel-linux-x86_64-fedora-clang