Last updated on 2023-11-28 11:50:47 CET.
Flavor | Version | Tinstall | Tcheck | Ttotal | Status | Flags |
---|---|---|---|---|---|---|
r-devel-linux-x86_64-debian-clang | 0.8.1 | 12.80 | 96.37 | 109.17 | OK | |
r-devel-linux-x86_64-debian-gcc | 0.8.1 | 9.25 | 70.90 | 80.15 | OK | |
r-devel-linux-x86_64-fedora-clang | 0.8.1 | 132.90 | NOTE | |||
r-devel-linux-x86_64-fedora-gcc | 0.8.1 | 133.88 | OK | |||
r-devel-windows-x86_64 | 0.8.1 | 11.00 | 92.00 | 103.00 | OK | |
r-patched-linux-x86_64 | 0.8.1 | 12.96 | 89.03 | 101.99 | OK | |
r-release-linux-x86_64 | 0.8.1 | 7.34 | 89.42 | 96.76 | OK | |
r-release-macos-arm64 | 0.8.1 | 45.00 | OK | |||
r-release-macos-x86_64 | 0.8.1 | 64.00 | OK | |||
r-release-windows-x86_64 | 0.8.1 | 15.00 | 109.00 | 124.00 | OK | |
r-oldrel-macos-arm64 | 0.8.1 | 37.00 | OK | |||
r-oldrel-macos-x86_64 | 0.8.1 | 56.00 | OK | |||
r-oldrel-windows-x86_64 | 0.8.1 | 16.00 | 106.00 | 122.00 | OK |
Version: 0.8.1
Check: package dependencies
Result: NOTE
Imports includes 25 non-default packages.
Importing from so many packages makes the package vulnerable to any of
them becoming unavailable. Move as many as possible to Suggests and
use conditionally.
Flavor: r-devel-linux-x86_64-fedora-clang