CRAN Package Check Results for Package politeness

Last updated on 2021-06-15 11:50:18 CEST.

Flavor Version Tinstall Tcheck Ttotal Status Flags
r-devel-linux-x86_64-debian-clang 0.7.8 10.08 123.16 133.24 OK
r-devel-linux-x86_64-debian-gcc 0.8.4 8.93 91.11 100.04 OK
r-devel-linux-x86_64-fedora-clang 0.8.4 167.11 NOTE
r-devel-linux-x86_64-fedora-gcc 0.8.4 155.90 NOTE
r-devel-windows-x86_64 0.8.4 16.00 155.00 171.00 OK
r-devel-windows-x86_64-gcc10-UCRT 0.7.8 NOTE
r-patched-linux-x86_64 0.8.4 15.50 114.85 130.35 OK
r-patched-solaris-x86 0.8.4 199.40 NOTE
r-release-linux-x86_64 0.7.8 10.62 114.74 125.36 OK
r-release-macos-arm64 0.7.8 NOTE
r-release-macos-x86_64 0.7.8 NOTE
r-release-windows-ix86+x86_64 0.7.8 23.00 144.00 167.00 OK
r-oldrel-macos-x86_64 0.7.8 NOTE
r-oldrel-windows-ix86+x86_64 0.8.4 21.00 123.00 144.00 OK

Check Details

Version: 0.8.4
Check: data for non-ASCII characters
Result: NOTE
     Note: found 9 marked UTF-8 strings
Flavors: r-devel-linux-x86_64-fedora-clang, r-devel-linux-x86_64-fedora-gcc, r-patched-solaris-x86

Version: 0.7.8
Check: data for non-ASCII characters
Result: NOTE
     Note: found 9 marked Latin-1 strings
Flavor: r-devel-windows-x86_64-gcc10-UCRT

Version: 0.7.8
Check: data for non-ASCII characters
Result: NOTE
     Note: found 9 marked UTF-8 strings
Flavors: r-release-macos-arm64, r-release-macos-x86_64, r-oldrel-macos-x86_64