Last updated on 2023-03-30 13:51:49 CEST.
Flavor | Version | Tinstall | Tcheck | Ttotal | Status | Flags |
---|---|---|---|---|---|---|
r-devel-linux-x86_64-debian-clang | 1.2 | 14.79 | 285.22 | 300.01 | OK | |
r-devel-linux-x86_64-debian-gcc | 1.2 | 11.09 | 200.24 | 211.33 | OK | |
r-devel-linux-x86_64-fedora-clang | 1.2 | 327.92 | NOTE | |||
r-devel-linux-x86_64-fedora-gcc | 1.2 | 295.52 | OK | |||
r-devel-windows-x86_64 | 1.2 | 54.00 | 0.00 | 54.00 | OK | |
r-patched-linux-x86_64 | 1.2 | 17.36 | 246.79 | 264.15 | OK | |
r-release-linux-x86_64 | 1.2 | 11.74 | 249.97 | 261.71 | OK | |
r-release-macos-arm64 | 1.2 | 75.00 | OK | |||
r-release-macos-x86_64 | 1.2 | 108.00 | OK | |||
r-release-windows-x86_64 | 1.2 | 42.00 | 266.00 | 308.00 | OK | |
r-oldrel-macos-arm64 | 1.2 | 70.00 | OK | |||
r-oldrel-macos-x86_64 | 1.2 | 107.00 | OK | |||
r-oldrel-windows-ix86+x86_64 | 1.2 | 30.00 | 268.00 | 298.00 | ERROR |
Version: 1.2
Check: Rd cross-references
Result: NOTE
Undeclared package ‘modelObj’ in Rd xrefs
Flavor: r-devel-linux-x86_64-fedora-clang
Version: 1.2
Check: PDF version of manual
Result: WARN
LaTeX errors when creating PDF version.
This typically indicates Rd problems.
LaTeX errors found:
! Package inputenc Error: Unicode char â<c2><80><c2><90> (U+2010)
(inputenc) not set up for use with LaTeX.
See the inputenc package documentation for explanation.
Type H <return> for immediate help.
Flavor: r-oldrel-windows-ix86+x86_64
Version: 1.2
Check: PDF version of manual without hyperrefs or index
Result: ERROR
Flavor: r-oldrel-windows-ix86+x86_64