Last updated on 2024-08-16 11:49:47 CEST.
Flavor | Version | Tinstall | Tcheck | Ttotal | Status | Flags |
---|---|---|---|---|---|---|
r-devel-linux-x86_64-debian-clang | 0.8.9 | 23.84 | 228.23 | 252.07 | OK | |
r-devel-linux-x86_64-debian-gcc | 0.8.9 | 14.85 | 168.63 | 183.48 | OK | |
r-devel-linux-x86_64-fedora-clang | 0.8.9 | 440.48 | OK | |||
r-devel-linux-x86_64-fedora-gcc | 0.8.9 | 422.41 | OK | |||
r-devel-windows-x86_64 | 0.8.9 | 28.00 | 247.00 | 275.00 | OK | |
r-patched-linux-x86_64 | 0.8.9 | 24.62 | 223.64 | 248.26 | OK | |
r-release-linux-x86_64 | 0.8.9 | 20.42 | 223.43 | 243.85 | OK | |
r-release-macos-arm64 | 0.8.9 | 98.00 | NOTE | |||
r-release-macos-x86_64 | 0.8.9 | 171.00 | NOTE | |||
r-release-windows-x86_64 | 0.8.9 | 26.00 | 240.00 | 266.00 | OK | |
r-oldrel-macos-arm64 | 0.8.9 | 195.00 | NOTE | |||
r-oldrel-macos-x86_64 | 0.8.9 | 266.00 | NOTE | |||
r-oldrel-windows-x86_64 | 0.8.9 | 33.00 | 312.00 | 345.00 | OK |
Version: 0.8.9
Check: installed package size
Result: NOTE
installed size is 5.2Mb
sub-directories of 1Mb or more:
R 2.1Mb
extdata 1.9Mb
Flavors: r-release-macos-arm64, r-release-macos-x86_64, r-oldrel-macos-arm64, r-oldrel-macos-x86_64