CRAN Package Check Results for Package polySegratioMM

Last updated on 2019-07-16 05:48:26 CEST.

Flavor Version Tinstall Tcheck Ttotal Status Flags
r-devel-linux-x86_64-debian-clang 0.6-4 3.71 37.95 41.66 NOTE
r-devel-linux-x86_64-debian-gcc 0.6-4 3.03 30.52 33.55 NOTE
r-devel-linux-x86_64-fedora-clang 0.6-4 52.04 NOTE
r-devel-linux-x86_64-fedora-gcc 0.6-4 51.23 NOTE
r-devel-windows-ix86+x86_64 0.6-4 11.00 54.00 65.00 OK
r-patched-linux-x86_64 0.6-4 3.98 37.89 41.87 OK
r-patched-solaris-x86 0.6-4 77.40 OK
r-release-linux-x86_64 0.6-4 3.75 37.83 41.58 OK
r-release-windows-ix86+x86_64 0.6-4 7.00 79.00 86.00 OK
r-release-osx-x86_64 0.6-4 OK
r-oldrel-windows-ix86+x86_64 0.6-4 9.00 72.00 81.00 OK
r-oldrel-osx-x86_64 0.6-4 OK

Check Details

Version: 0.6-4
Check: for non-standard things in the check directory
Result: NOTE
    Found the following files/directories:
     'test-data.R' 'test-inits.R' 'test.bug' 'test.cmd'
Flavors: r-devel-linux-x86_64-debian-clang, r-devel-linux-x86_64-debian-gcc, r-devel-linux-x86_64-fedora-clang, r-devel-linux-x86_64-fedora-gcc