CRAN Package Check Results for Package polysat

Last updated on 2021-05-13 05:49:49 CEST.

Flavor Version Tinstall Tcheck Ttotal Status Flags
r-devel-linux-x86_64-debian-clang 1.7-4 26.61 129.02 155.63 NOTE
r-devel-linux-x86_64-debian-gcc 1.7-4 19.83 95.76 115.59 NOTE
r-devel-linux-x86_64-fedora-clang 1.7-4 200.84 NOTE
r-devel-linux-x86_64-fedora-gcc 1.7-4 186.06 NOTE
r-devel-windows-ix86+x86_64 1.7-4 59.00 172.00 231.00 OK
r-devel-windows-x86_64-gcc10-UCRT 1.7-4 OK
r-patched-linux-x86_64 1.7-4 25.03 124.84 149.87 NOTE
r-patched-solaris-x86 1.7-4 224.40 NOTE
r-release-linux-x86_64 1.7-4 24.89 121.39 146.28 NOTE
r-release-macos-x86_64 1.7-4 OK
r-release-windows-ix86+x86_64 1.7-4 44.00 231.00 275.00 OK
r-oldrel-macos-x86_64 1.7-4 OK
r-oldrel-windows-ix86+x86_64 1.7-4 57.00 161.00 218.00 OK

Check Details

Version: 1.7-4
Check: for non-standard things in the check directory
Result: NOTE
    Found the following files/directories:
     'SPAGfreqExample2.txt' 'SpagInputExample.txt' 'SpagOutExample.txt'
     'SpagTemp.txt' 'TetrasatExample.txt' 'atetraexample.txt'
     'atetratest.txt' 'exampleGMoutput.txt' 'forPOPDIST.txt'
     'genodiveExample.txt' 'readGMtest.txt' 'strtemp.txt' 'structtest.txt'
     'testGenoDive2.txt' 'testGenoDive3.txt' 'testPOPDIST.txt'
     'tetrasattest.txt'
Flavors: r-devel-linux-x86_64-debian-clang, r-devel-linux-x86_64-debian-gcc, r-devel-linux-x86_64-fedora-clang, r-devel-linux-x86_64-fedora-gcc, r-patched-linux-x86_64, r-patched-solaris-x86, r-release-linux-x86_64