CRAN Package Check Results for Package poolABC

Last updated on 2024-03-04 00:55:50 CET.

Flavor Version Tinstall Tcheck Ttotal Status Flags
r-devel-linux-x86_64-debian-clang 1.0.0 11.91 241.13 253.04 OK
r-devel-linux-x86_64-debian-gcc 1.0.0 9.21 163.68 172.89 OK
r-devel-linux-x86_64-fedora-clang 1.0.0 305.27 NOTE
r-devel-linux-x86_64-fedora-gcc 1.0.0 302.66 OK
r-devel-windows-x86_64 1.0.0 13.00 192.00 205.00 NOTE
r-patched-linux-x86_64 1.0.0 15.94 262.24 278.18 OK
r-release-linux-x86_64 1.0.0 9.32 241.84 251.16 OK
r-release-macos-arm64 1.0.0 92.00 NOTE
r-release-macos-x86_64 1.0.0 233.00 NOTE
r-release-windows-x86_64 1.0.0 17.00 243.00 260.00 NOTE
r-oldrel-macos-arm64 1.0.0 81.00 NOTE
r-oldrel-windows-x86_64 1.0.0 16.00 231.00 247.00 NOTE

Check Details

Version: 1.0.0
Check: installed package size
Result: NOTE installed size is 7.0Mb sub-directories of 1Mb or more: data 2.7Mb extdata 3.6Mb Flavors: r-devel-linux-x86_64-fedora-clang, r-devel-windows-x86_64, r-release-macos-arm64, r-release-macos-x86_64, r-release-windows-x86_64, r-oldrel-macos-arm64, r-oldrel-windows-x86_64