CRAN Package Check Results for Package popdemo

Last updated on 2021-01-16 17:49:47 CET.

Flavor Version Tinstall Tcheck Ttotal Status Flags
r-devel-linux-x86_64-debian-clang 1.3-0 11.94 109.42 121.36 OK
r-devel-linux-x86_64-debian-gcc 1.3-0 9.58 80.61 90.19 OK
r-devel-linux-x86_64-fedora-clang 1.3-0 155.28 NOTE
r-devel-linux-x86_64-fedora-gcc 1.3-0 153.73 OK
r-devel-windows-ix86+x86_64 1.3-0 23.00 110.00 133.00 NOTE
r-patched-linux-x86_64 1.3-0 10.65 98.52 109.17 OK
r-patched-solaris-x86 1.3-0 199.40 NOTE
r-release-linux-x86_64 1.3-0 10.19 101.08 111.27 OK
r-release-macos-x86_64 1.3-0 NOTE
r-release-windows-ix86+x86_64 1.3-0 22.00 111.00 133.00 NOTE
r-oldrel-macos-x86_64 1.3-0 NOTE
r-oldrel-windows-ix86+x86_64 1.3-0 21.00 92.00 113.00 NOTE

Check Details

Version: 1.3-0
Check: installed package size
Result: NOTE
     installed size is 5.4Mb
     sub-directories of 1Mb or more:
     doc 4.9Mb
Flavors: r-devel-linux-x86_64-fedora-clang, r-devel-windows-ix86+x86_64, r-patched-solaris-x86, r-release-macos-x86_64, r-release-windows-ix86+x86_64, r-oldrel-macos-x86_64, r-oldrel-windows-ix86+x86_64