CRAN Package Check Results for Package popdemo

Last updated on 2019-04-20 23:51:15 CEST.

Flavor Version Tinstall Tcheck Ttotal Status Flags
r-devel-linux-x86_64-debian-clang 1.3-0 10.39 99.49 109.88 OK
r-devel-linux-x86_64-debian-gcc 1.3-0 10.67 108.32 118.99 OK
r-devel-linux-x86_64-fedora-clang 1.3-0 125.41 NOTE
r-devel-linux-x86_64-fedora-gcc 1.3-0 120.56 OK
r-devel-windows-ix86+x86_64 1.3-0 26.00 137.00 163.00 NOTE
r-patched-linux-x86_64 1.3-0 9.37 96.88 106.25 OK
r-patched-solaris-x86 1.3-0 171.20 NOTE
r-release-linux-x86_64 1.3-0 7.10 95.23 102.33 OK
r-release-windows-ix86+x86_64 1.3-0 12.00 132.00 144.00 NOTE
r-release-osx-x86_64 1.3-0 NOTE
r-oldrel-windows-ix86+x86_64 1.3-0 11.00 198.00 209.00 NOTE
r-oldrel-osx-x86_64 1.3-0 NOTE

Check Details

Version: 1.3-0
Check: installed package size
Result: NOTE
     installed size is 5.4Mb
     sub-directories of 1Mb or more:
     doc 4.9Mb
Flavors: r-devel-linux-x86_64-fedora-clang, r-devel-windows-ix86+x86_64, r-patched-solaris-x86, r-release-windows-ix86+x86_64, r-release-osx-x86_64, r-oldrel-windows-ix86+x86_64, r-oldrel-osx-x86_64