CRAN Package Check Results for Package popdemo

Last updated on 2019-06-23 11:48:20 CEST.

Flavor Version Tinstall Tcheck Ttotal Status Flags
r-devel-linux-x86_64-debian-clang 1.3-0 9.42 96.04 105.46 OK
r-devel-linux-x86_64-debian-gcc 1.3-0 8.25 75.47 83.72 OK
r-devel-linux-x86_64-fedora-clang 1.3-0 126.43 NOTE
r-devel-linux-x86_64-fedora-gcc 1.3-0 122.93 OK
r-devel-windows-ix86+x86_64 1.3-0 27.00 109.00 136.00 NOTE
r-patched-linux-x86_64 1.3-0 10.01 94.07 104.08 OK
r-patched-solaris-x86 1.3-0 174.10 NOTE
r-release-linux-x86_64 1.3-0 9.33 94.23 103.56 OK
r-release-windows-ix86+x86_64 1.3-0 18.00 111.00 129.00 NOTE
r-release-osx-x86_64 1.3-0 NOTE
r-oldrel-windows-ix86+x86_64 1.3-0 13.00 139.00 152.00 NOTE
r-oldrel-osx-x86_64 1.3-0 NOTE

Check Details

Version: 1.3-0
Check: installed package size
Result: NOTE
     installed size is 5.4Mb
     sub-directories of 1Mb or more:
     doc 4.9Mb
Flavors: r-devel-linux-x86_64-fedora-clang, r-devel-windows-ix86+x86_64, r-patched-solaris-x86, r-release-windows-ix86+x86_64, r-release-osx-x86_64, r-oldrel-windows-ix86+x86_64, r-oldrel-osx-x86_64