Last updated on 2023-03-25 05:50:40 CET.
Flavor | Version | Tinstall | Tcheck | Ttotal | Status | Flags |
---|---|---|---|---|---|---|
r-devel-linux-x86_64-debian-clang | 0.3.11 | 6.49 | 326.78 | 333.27 | OK | |
r-devel-linux-x86_64-debian-gcc | 0.3.11 | 5.61 | 235.14 | 240.75 | OK | |
r-devel-linux-x86_64-fedora-clang | 0.3.11 | 524.22 | OK | |||
r-devel-linux-x86_64-fedora-gcc | 0.3.11 | 514.82 | OK | |||
r-patched-linux-x86_64 | 0.3.11 | 6.98 | 404.57 | 411.55 | OK | |
r-release-linux-x86_64 | 0.3.11 | 6.35 | 303.92 | 310.27 | OK | |
r-release-macos-arm64 | 0.3.11 | 180.00 | OK | |||
r-release-macos-x86_64 | 0.3.11 | 225.00 | OK | |||
r-release-windows-x86_64 | 0.3.11 | 45.00 | 390.00 | 435.00 | OK | |
r-oldrel-macos-arm64 | 0.3.11 | 182.00 | OK | |||
r-oldrel-macos-x86_64 | 0.3.11 | 234.00 | OK | |||
r-oldrel-windows-ix86+x86_64 | 0.3.11 | 14.00 | 529.00 | 543.00 | NOTE |
Version: 0.3.11
Check: dependencies in R code
Result: NOTE
Initiating curl with CURL_SSL_BACKEND: openssl
Flavor: r-oldrel-windows-ix86+x86_64