CRAN Package Check Results for Package postGGIR

Last updated on 2021-07-27 23:51:25 CEST.

Flavor Version Tinstall Tcheck Ttotal Status Flags
r-devel-linux-x86_64-debian-clang 2.4.0 23.26 188.77 212.03 OK
r-devel-linux-x86_64-debian-gcc 2.4.0 20.80 138.50 159.30 OK
r-devel-linux-x86_64-fedora-clang 2.4.0 261.86 NOTE
r-devel-linux-x86_64-fedora-gcc 2.4.0 245.83 NOTE
r-devel-windows-x86_64 2.4.0 36.00 192.00 228.00 OK
r-devel-windows-x86_64-gcc10-UCRT 2.4.0 NOTE
r-patched-linux-x86_64 2.4.0 24.44 175.97 200.41 OK
r-patched-solaris-x86 2.4.0 319.10 NOTE
r-release-linux-x86_64 2.4.0 22.57 176.89 199.46 OK
r-release-macos-arm64 2.4.0 ERROR
r-release-macos-x86_64 2.4.0 NOTE
r-release-windows-ix86+x86_64 2.4.0 59.00 195.00 254.00 OK
r-oldrel-macos-x86_64 2.4.0 NOTE
r-oldrel-windows-ix86+x86_64 2.4.0 53.00 189.00 242.00 OK

Check Details

Version: 2.4.0
Check: dependencies in R code
Result: NOTE
    Namespaces in Imports field not imported from:
     ‘ActCR’ ‘ActFrag’ ‘tidyr’
     All declared Imports should be used.
Flavors: r-devel-linux-x86_64-fedora-clang, r-devel-linux-x86_64-fedora-gcc, r-devel-windows-x86_64-gcc10-UCRT, r-patched-solaris-x86, r-release-macos-x86_64, r-oldrel-macos-x86_64

Version: 2.4.0
Check: whether package can be installed
Result: ERROR
    Installation failed.
Flavor: r-release-macos-arm64