CRAN Package Check Results for Package postcards

Last updated on 2022-01-24 05:51:58 CET.

Flavor Version Tinstall Tcheck Ttotal Status Flags
r-devel-linux-x86_64-debian-clang 0.2.3 2.13 30.39 32.52 OK
r-devel-linux-x86_64-debian-gcc 0.2.3 1.65 23.33 24.98 OK
r-devel-linux-x86_64-fedora-clang 0.2.3 39.89 NOTE
r-devel-linux-x86_64-fedora-gcc 0.2.3 28.19 OK
r-devel-windows-x86_64-new-UL 0.2.3 50.00 49.00 99.00 OK
r-devel-windows-x86_64-new-TK 0.2.3 OK
r-patched-linux-x86_64 0.2.3 2.29 28.89 31.18 OK
r-release-linux-x86_64 0.2.3 2.41 28.65 31.06 OK
r-release-macos-arm64 0.2.3 OK
r-release-macos-x86_64 0.2.3 WARN --as-cran
r-release-windows-ix86+x86_64 0.2.3 6.00 40.00 46.00 OK
r-oldrel-macos-x86_64 0.2.2 NOTE
r-oldrel-windows-ix86+x86_64 0.2.3 5.00 37.00 42.00 OK

Check Details

Version: 0.2.3
Check: Rd cross-references
Result: NOTE
    Undeclared package ‘bslib’ in Rd xrefs
Flavor: r-devel-linux-x86_64-fedora-clang

Version: 0.2.3
Flags: --as-cran
Check: CRAN incoming feasibility
Result: WARN
    Maintainer: ‘Sean Kross <sean@seankross.com>’
    
    Insufficient package version (submitted: 0.2.3, existing: 0.2.3)
    
    Days since last update: 0
Flavor: r-release-macos-x86_64

Version: 0.2.3
Flags: --as-cran
Check: top-level files
Result: NOTE
    Files ‘README.md’ or ‘NEWS.md’ cannot be checked without ‘pandoc’ being installed.
Flavor: r-release-macos-x86_64

Version: 0.2.2
Check: dependencies in R code
Result: NOTE
    Namespace in Imports field not imported from: ‘bslib’
     All declared Imports should be used.
Flavor: r-oldrel-macos-x86_64