Last updated on 2023-06-07 17:55:45 CEST.
Flavor | Version | Tinstall | Tcheck | Ttotal | Status | Flags |
---|---|---|---|---|---|---|
r-devel-linux-x86_64-debian-clang | 1.1.0 | 9.86 | 193.23 | 203.09 | NOTE | |
r-devel-linux-x86_64-debian-gcc | 1.1.0 | 8.78 | 135.46 | 144.24 | NOTE | |
r-devel-linux-x86_64-fedora-clang | 1.1.0 | 242.95 | NOTE | |||
r-devel-linux-x86_64-fedora-gcc | 1.1.0 | 253.37 | NOTE | |||
r-devel-windows-x86_64 | 1.1.0 | 12.00 | 156.00 | 168.00 | NOTE | |
r-patched-linux-x86_64 | 1.1.0 | 13.66 | 189.00 | 202.66 | NOTE | |
r-release-linux-x86_64 | 1.1.0 | 7.73 | 185.97 | 193.70 | NOTE | |
r-release-macos-arm64 | 1.1.0 | 72.00 | NOTE | |||
r-release-macos-x86_64 | 1.1.0 | 118.00 | NOTE | |||
r-release-windows-x86_64 | 1.1.0 | 13.00 | 183.00 | 196.00 | OK | |
r-oldrel-macos-arm64 | 1.1.0 | 62.00 | OK | |||
r-oldrel-macos-x86_64 | 1.1.0 | 84.00 | OK | |||
r-oldrel-windows-x86_64 | 1.1.0 | 13.00 | 184.00 | 197.00 | OK |
Version: 1.1.0
Check: Rd cross-references
Result: NOTE
Unknown package ‘advclust’ in Rd xrefs
Flavors: r-devel-linux-x86_64-debian-clang, r-devel-linux-x86_64-debian-gcc, r-devel-linux-x86_64-fedora-gcc, r-devel-windows-x86_64, r-patched-linux-x86_64, r-release-linux-x86_64, r-release-macos-arm64, r-release-macos-x86_64
Version: 1.1.0
Check: Rd cross-references
Result: NOTE
Undeclared package ‘advclust’ in Rd xrefs
Unknown package ‘advclust’ in Rd xrefs
Flavor: r-devel-linux-x86_64-fedora-clang