CRAN Package Check Results for Package ppclust

Last updated on 2024-06-13 18:50:03 CEST.

Flavor Version Tinstall Tcheck Ttotal Status Flags
r-devel-linux-x86_64-debian-clang 1.1.0.1 9.04 224.99 234.03 OK
r-devel-linux-x86_64-debian-gcc 1.1.0.1 9.22 71.05 80.27 ERROR
r-devel-linux-x86_64-fedora-clang 1.1.0.1 287.19 NOTE
r-devel-linux-x86_64-fedora-gcc 1.1.0.1 281.88 OK
r-devel-windows-x86_64 1.1.0.1 10.00 145.00 155.00 NOTE
r-patched-linux-x86_64 1.1.0.1 12.49 212.91 225.40 OK
r-release-linux-x86_64 1.1.0.1 11.38 207.81 219.19 OK
r-release-macos-arm64 1.1.0.1 63.00 NOTE
r-release-macos-x86_64 1.1.0.1 127.00 NOTE
r-release-windows-x86_64 1.1.0.1 10.00 147.00 157.00 NOTE
r-oldrel-macos-arm64 1.1.0.1 70.00 NOTE
r-oldrel-macos-x86_64 1.1.0.1 168.00 NOTE
r-oldrel-windows-x86_64 1.1.0.1 13.00 240.00 253.00 NOTE

Check Details

Version: 1.1.0.1
Check: package dependencies
Result: NOTE Package suggested but not available for checking: ‘factoextra’ Flavor: r-devel-linux-x86_64-debian-gcc

Version: 1.1.0.1
Check: re-building of vignette outputs
Result: ERROR Error(s) in re-building vignettes: ... --- re-building ‘fcm.Rmd’ using rmarkdown Quitting from lines 45-48 [unnamed-chunk-3] (fcm.Rmd) Error: processing vignette 'fcm.Rmd' failed with diagnostics: there is no package called 'factoextra' --- failed re-building ‘fcm.Rmd’ --- re-building ‘upfc.Rmd’ using rmarkdown Quitting from lines 46-49 [unnamed-chunk-3] (upfc.Rmd) Error: processing vignette 'upfc.Rmd' failed with diagnostics: there is no package called 'factoextra' --- failed re-building ‘upfc.Rmd’ SUMMARY: processing the following files failed: ‘fcm.Rmd’ ‘upfc.Rmd’ Error: Vignette re-building failed. Execution halted Flavor: r-devel-linux-x86_64-debian-gcc

Version: 1.1.0.1
Check: installed package size
Result: NOTE installed size is 6.7Mb sub-directories of 1Mb or more: doc 6.2Mb Flavors: r-devel-linux-x86_64-fedora-clang, r-devel-windows-x86_64, r-release-macos-arm64, r-release-macos-x86_64, r-release-windows-x86_64, r-oldrel-macos-arm64, r-oldrel-macos-x86_64, r-oldrel-windows-x86_64