Last updated on 2024-08-16 11:49:48 CEST.
Flavor | Version | Tinstall | Tcheck | Ttotal | Status | Flags |
---|---|---|---|---|---|---|
r-devel-linux-x86_64-debian-clang | 0.1.8 | 3.60 | 24.71 | 28.31 | OK | |
r-devel-linux-x86_64-debian-gcc | 0.1.8 | 2.33 | 19.21 | 21.54 | OK | |
r-devel-linux-x86_64-fedora-clang | 0.1.8 | 44.79 | NOTE | |||
r-devel-linux-x86_64-fedora-gcc | 0.1.8 | 41.87 | NOTE | |||
r-devel-windows-x86_64 | 0.1.8 | 6.00 | 47.00 | 53.00 | OK | |
r-patched-linux-x86_64 | 0.1.8 | 3.62 | 23.80 | 27.42 | OK | |
r-release-linux-x86_64 | 0.1.8 | 3.46 | 23.84 | 27.30 | OK | |
r-release-macos-arm64 | 0.1.8 | 19.00 | OK | |||
r-release-macos-x86_64 | 0.1.8 | 32.00 | OK | |||
r-release-windows-x86_64 | 0.1.8 | 5.00 | 46.00 | 51.00 | OK | |
r-oldrel-macos-arm64 | 0.1.8 | 23.00 | OK | |||
r-oldrel-macos-x86_64 | 0.1.8 | 36.00 | OK | |||
r-oldrel-windows-x86_64 | 0.1.8 | 6.00 | 51.00 | 57.00 | OK |
Version: 0.1.8
Check: data for non-ASCII characters
Result: NOTE
Note: found 1548 marked UTF-8 strings
Flavors: r-devel-linux-x86_64-fedora-clang, r-devel-linux-x86_64-fedora-gcc