Last updated on 2024-08-31 17:49:04 CEST.
Flavor | Version | Tinstall | Tcheck | Ttotal | Status | Flags |
---|---|---|---|---|---|---|
r-devel-linux-x86_64-debian-clang | 1.3 | 28.22 | 82.94 | 111.16 | NOTE | |
r-devel-linux-x86_64-debian-gcc | 1.3 | 21.30 | 56.68 | 77.98 | NOTE | |
r-devel-linux-x86_64-fedora-clang | 1.3 | 197.51 | OK | |||
r-devel-linux-x86_64-fedora-gcc | 1.3 | 197.46 | OK | |||
r-devel-windows-x86_64 | 1.3 | 36.00 | 106.00 | 142.00 | NOTE | |
r-patched-linux-x86_64 | 1.3 | 34.89 | 75.22 | 110.11 | OK | |
r-release-linux-x86_64 | 1.3 | 30.22 | 73.77 | 103.99 | OK | |
r-release-macos-arm64 | 1.3 | 57.00 | OK | |||
r-release-macos-x86_64 | 1.3 | 81.00 | NOTE | |||
r-release-windows-x86_64 | 1.3 | 38.00 | 123.00 | 161.00 | OK | |
r-oldrel-macos-arm64 | 1.3 | 61.00 | OK | |||
r-oldrel-macos-x86_64 | 1.3 | 182.00 | NOTE | |||
r-oldrel-windows-x86_64 | 1.3 | 42.00 | 127.00 | 169.00 | OK |
Version: 1.3
Check: Rd cross-references
Result: NOTE
Found the following Rd file(s) with Rd \link{} targets missing package
anchors:
plot.ppgmmga.Rd: ggplot
ppgmmga.Rd: densityMclust, ga, gaisl
ppgmmga.options.Rd: ga_Selection, ga_Crossover, ga_Mutation
Please provide package anchors for all Rd \link{} targets not in the
package itself and the base packages.
Flavors: r-devel-linux-x86_64-debian-clang, r-devel-linux-x86_64-debian-gcc, r-devel-windows-x86_64
Version: 1.3
Check: installed package size
Result: NOTE
installed size is 5.0Mb
sub-directories of 1Mb or more:
libs 3.3Mb
Flavors: r-release-macos-x86_64, r-oldrel-macos-x86_64