CRAN Package Check Results for Package ppsr

Last updated on 2021-07-27 11:51:13 CEST.

Flavor Version Tinstall Tcheck Ttotal Status Flags
r-devel-linux-x86_64-debian-clang 0.0.2 2.84 56.63 59.47 NOTE
r-devel-linux-x86_64-debian-gcc 0.0.2 2.16 46.81 48.97 NOTE
r-devel-linux-x86_64-fedora-clang 0.0.2 79.09 NOTE
r-devel-linux-x86_64-fedora-gcc 0.0.2 72.27 NOTE
r-devel-windows-x86_64 0.0.2 6.00 74.00 80.00 NOTE
r-devel-windows-x86_64-gcc10-UCRT 0.0.2 NOTE
r-patched-linux-x86_64 0.0.2 2.91 55.17 58.08 NOTE
r-patched-solaris-x86 0.0.2 110.50 NOTE
r-release-linux-x86_64 0.0.2 2.68 54.67 57.35 NOTE
r-release-macos-arm64 0.0.2 NOTE
r-release-macos-x86_64 0.0.2 NOTE
r-release-windows-ix86+x86_64 0.0.2 6.00 64.00 70.00 NOTE
r-oldrel-macos-x86_64 0.0.2 ERROR
r-oldrel-windows-ix86+x86_64 0.0.2 5.00 79.00 84.00 OK

Check Details

Version: 0.0.2
Check: LazyData
Result: NOTE
     'LazyData' is specified without a 'data' directory
Flavors: r-devel-linux-x86_64-debian-clang, r-devel-linux-x86_64-debian-gcc, r-devel-linux-x86_64-fedora-clang, r-devel-linux-x86_64-fedora-gcc, r-devel-windows-x86_64, r-devel-windows-x86_64-gcc10-UCRT, r-patched-linux-x86_64, r-patched-solaris-x86, r-release-linux-x86_64, r-release-macos-arm64, r-release-macos-x86_64, r-release-windows-ix86+x86_64

Version: 0.0.2
Check: dependencies in R code
Result: NOTE
    Namespaces in Imports field not imported from:
     ‘rpart’ ‘withr’
     All declared Imports should be used.
Flavors: r-devel-linux-x86_64-fedora-clang, r-devel-linux-x86_64-fedora-gcc, r-devel-windows-x86_64-gcc10-UCRT, r-patched-solaris-x86, r-release-macos-arm64, r-release-macos-x86_64

Version: 0.0.2
Check: package dependencies
Result: ERROR
    Package required and available but unsuitable version: ‘parallel’
    
    See section ‘The DESCRIPTION file’ in the ‘Writing R Extensions’
    manual.
Flavor: r-oldrel-macos-x86_64