CRAN Package Check Results for Package precommit

Last updated on 2021-01-24 05:48:18 CET.

Flavor Version Tinstall Tcheck Ttotal Status Flags
r-devel-linux-x86_64-debian-clang 0.1.3 3.19 99.86 103.05 OK
r-devel-linux-x86_64-debian-gcc 0.1.3 2.34 76.39 78.73 OK
r-devel-linux-x86_64-fedora-clang 0.1.3 129.22 NOTE
r-devel-linux-x86_64-fedora-gcc 0.1.3 130.33 NOTE
r-devel-windows-ix86+x86_64 0.1.3 27.00 127.00 154.00 OK
r-patched-linux-x86_64 0.1.3 3.19 94.35 97.54 OK
r-patched-solaris-x86 0.1.3 175.90 NOTE
r-release-linux-x86_64 0.1.3 3.44 96.07 99.51 OK
r-release-macos-x86_64 0.1.3 NOTE
r-release-windows-ix86+x86_64 0.1.3 33.00 172.00 205.00 OK
r-oldrel-macos-x86_64 0.1.3 NOTE
r-oldrel-windows-ix86+x86_64 0.1.3 21.00 135.00 156.00 OK

Check Details

Version: 0.1.3
Check: dependencies in R code
Result: NOTE
    Namespaces in Imports field not imported from:
     ‘R.cache’ ‘docopt’ ‘here’
     All declared Imports should be used.
Flavors: r-devel-linux-x86_64-fedora-clang, r-devel-linux-x86_64-fedora-gcc, r-patched-solaris-x86, r-release-macos-x86_64, r-oldrel-macos-x86_64