CRAN Package Check Results for Package predict3d

Last updated on 2021-03-09 05:47:15 CET.

Flavor Version Tinstall Tcheck Ttotal Status Flags
r-devel-linux-x86_64-debian-clang 0.1.3.3 15.62 139.98 155.60 OK
r-devel-linux-x86_64-debian-gcc 0.1.3.3 11.40 103.92 115.32 OK
r-devel-linux-x86_64-fedora-clang 0.1.3.3 193.13 NOTE
r-devel-linux-x86_64-fedora-gcc 0.1.3.3 183.54 NOTE
r-devel-windows-ix86+x86_64 0.1.3.3 36.00 145.00 181.00 OK
r-devel-windows-x86_64-gcc10-UCRT 0.1.3.3 NOTE
r-patched-linux-x86_64 0.1.3.3 14.33 131.31 145.64 OK
r-patched-solaris-x86 0.1.3.3 256.90 WARN
r-release-linux-x86_64 0.1.3.3 15.04 129.81 144.85 OK
r-release-macos-x86_64 0.1.3.3 WARN
r-release-windows-ix86+x86_64 0.1.3.3 27.00 166.00 193.00 OK
r-oldrel-macos-x86_64 0.1.3.3 WARN
r-oldrel-windows-ix86+x86_64 0.1.3.3 23.00 122.00 145.00 OK

Check Details

Version: 0.1.3.3
Check: dependencies in R code
Result: NOTE
    Namespaces in Imports field not imported from:
     ‘TH.data’ ‘moonBook’
     All declared Imports should be used.
Flavors: r-devel-linux-x86_64-fedora-clang, r-devel-linux-x86_64-fedora-gcc, r-devel-windows-x86_64-gcc10-UCRT, r-patched-solaris-x86, r-release-macos-x86_64

Version: 0.1.3.3
Check: re-building of vignette outputs
Result: WARN
    Error(s) in re-building vignettes:
     ...
    --- re-building ‘predict3d.Rmd’ using rmarkdown
    Warning in engine$weave(file, quiet = quiet, encoding = enc) :
     Pandoc (>= 1.12.3) and/or pandoc-citeproc not available. Falling back to R Markdown v1.
    Loading required package: predict3d
    Loading required package: rgl
    Quitting from lines 55-58 (predict3d.Rmd)
    Error: processing vignette 'predict3d.Rmd' failed with diagnostics:
    invalid 'path' argument
    --- failed re-building ‘predict3d.Rmd’
    
    SUMMARY: processing the following file failed:
     ‘predict3d.Rmd’
    
    Error: Vignette re-building failed.
    Execution halted
Flavor: r-patched-solaris-x86

Version: 0.1.3.3
Check: re-building of vignette outputs
Result: WARN
    Error(s) in re-building vignettes:
     ...
    --- re-building ‘predict3d.Rmd’ using rmarkdown
    Warning in engine$weave(file, quiet = quiet, encoding = enc) :
     Pandoc (>= 1.12.3) and/or pandoc-citeproc not available. Falling back to R Markdown v1.
    Loading required package: predict3d
    Loading required package: rgl
    Quitting from lines 55-58 (predict3d.Rmd)
    Error: processing vignette 'predict3d.Rmd' failed with diagnostics:
    cannot open the connection
    --- failed re-building ‘predict3d.Rmd’
    
    SUMMARY: processing the following file failed:
     ‘predict3d.Rmd’
    
    Error: Vignette re-building failed.
    Execution halted
Flavor: r-release-macos-x86_64

Version: 0.1.3.3
Check: whether package can be installed
Result: WARN
    Found the following significant warnings:
     Warning: 'rgl_init' failed, running with rgl.useNULL = TRUE
Flavor: r-oldrel-macos-x86_64

Version: 0.1.3.3
Check: dependencies in R code
Result: NOTE
    No protocol specified
    Namespaces in Imports field not imported from:
     ‘TH.data’ ‘moonBook’
     All declared Imports should be used.
Flavor: r-oldrel-macos-x86_64

Version: 0.1.3.3
Check: S3 generic/method consistency
Result: WARN
    No protocol specified
    See section ‘Generic functions and methods’ in the ‘Writing R
    Extensions’ manual.
Flavor: r-oldrel-macos-x86_64

Version: 0.1.3.3
Check: replacement functions
Result: WARN
    No protocol specified
    The argument of a replacement function which corresponds to the right
    hand side must be named ‘value’.
Flavor: r-oldrel-macos-x86_64

Version: 0.1.3.3
Check: foreign function calls
Result: NOTE
    No protocol specified
    See chapter ‘System and foreign language interfaces’ in the ‘Writing R
    Extensions’ manual.
Flavor: r-oldrel-macos-x86_64

Version: 0.1.3.3
Check: R code for possible problems
Result: NOTE
    No protocol specified
Flavor: r-oldrel-macos-x86_64

Version: 0.1.3.3
Check: for missing documentation entries
Result: WARN
    No protocol specified
    All user-level objects in a package should have documentation entries.
    See chapter ‘Writing R documentation files’ in the ‘Writing R
    Extensions’ manual.
Flavor: r-oldrel-macos-x86_64

Version: 0.1.3.3
Check: for code/documentation mismatches
Result: WARN
    No protocol specified
    No protocol specified
    No protocol specified
Flavor: r-oldrel-macos-x86_64

Version: 0.1.3.3
Check: Rd \usage sections
Result: NOTE
    No protocol specified
    The \usage entries for S3 methods should use the \method markup and not
    their full name.
    See chapter ‘Writing R documentation files’ in the ‘Writing R
    Extensions’ manual.
Flavor: r-oldrel-macos-x86_64

Version: 0.1.3.3
Check: re-building of vignette outputs
Result: WARN
    Error(s) in re-building vignettes:
     ...
    --- re-building ‘predict3d.Rmd’ using rmarkdown
    Warning in engine$weave(file, quiet = quiet, encoding = enc) :
     Pandoc (>= 1.12.3) and/or pandoc-citeproc not available. Falling back to R Markdown v1.
    Loading required package: predict3d
    No protocol specified
    Loading required package: rgl
    Quitting from lines 55-58 (predict3d.Rmd)
    Error: processing vignette 'predict3d.Rmd' failed with diagnostics:
    cannot open the connection
    --- failed re-building ‘predict3d.Rmd’
    
    SUMMARY: processing the following file failed:
     ‘predict3d.Rmd’
    
    Error: Vignette re-building failed.
    Execution halted
Flavor: r-oldrel-macos-x86_64