Last updated on 2024-08-16 11:49:48 CEST.
Flavor | Version | Tinstall | Tcheck | Ttotal | Status | Flags |
---|---|---|---|---|---|---|
r-devel-linux-x86_64-debian-clang | 0.0.3 | 12.16 | 64.96 | 77.12 | NOTE | |
r-devel-linux-x86_64-debian-gcc | 0.0.3 | 9.99 | 48.21 | 58.20 | NOTE | |
r-devel-linux-x86_64-fedora-clang | 0.0.3 | 133.90 | NOTE | |||
r-devel-linux-x86_64-fedora-gcc | 0.0.3 | 138.84 | NOTE | |||
r-devel-windows-x86_64 | 0.0.3 | 19.00 | 96.00 | 115.00 | NOTE | |
r-patched-linux-x86_64 | 0.0.3 | 13.04 | 60.39 | 73.43 | NOTE | |
r-release-linux-x86_64 | 0.0.3 | 12.41 | 61.42 | 73.83 | NOTE | |
r-release-macos-arm64 | 0.0.3 | 52.00 | NOTE | |||
r-release-macos-x86_64 | 0.0.3 | 69.00 | NOTE | |||
r-release-windows-x86_64 | 0.0.3 | 20.00 | 94.00 | 114.00 | NOTE | |
r-oldrel-macos-arm64 | 0.0.3 | 51.00 | OK | |||
r-oldrel-macos-x86_64 | 0.0.3 | 76.00 | OK | |||
r-oldrel-windows-x86_64 | 0.0.3 | 23.00 | 111.00 | 134.00 | OK |
Version: 0.0.3
Check: Rd files
Result: NOTE
checkRd: (-1) dev_data.Rd:10: Lost braces in \itemize; meant \describe ?
checkRd: (-1) dev_data.Rd:11: Lost braces in \itemize; meant \describe ?
checkRd: (-1) dev_data.Rd:12: Lost braces in \itemize; meant \describe ?
checkRd: (-1) dev_data.Rd:13: Lost braces in \itemize; meant \describe ?
checkRd: (-1) dev_data.Rd:14: Lost braces in \itemize; meant \describe ?
checkRd: (-1) gusto.Rd:10: Lost braces in \itemize; meant \describe ?
checkRd: (-1) gusto.Rd:11: Lost braces in \itemize; meant \describe ?
checkRd: (-1) gusto.Rd:12: Lost braces in \itemize; meant \describe ?
checkRd: (-1) gusto.Rd:13: Lost braces in \itemize; meant \describe ?
checkRd: (-1) gusto.Rd:14: Lost braces in \itemize; meant \describe ?
checkRd: (-1) val_data.Rd:10: Lost braces in \itemize; meant \describe ?
checkRd: (-1) val_data.Rd:11: Lost braces in \itemize; meant \describe ?
checkRd: (-1) val_data.Rd:12: Lost braces in \itemize; meant \describe ?
checkRd: (-1) val_data.Rd:13: Lost braces in \itemize; meant \describe ?
checkRd: (-1) val_data.Rd:14: Lost braces in \itemize; meant \describe ?
Flavors: r-devel-linux-x86_64-debian-clang, r-devel-linux-x86_64-debian-gcc, r-devel-linux-x86_64-fedora-clang, r-devel-linux-x86_64-fedora-gcc, r-devel-windows-x86_64, r-patched-linux-x86_64, r-release-linux-x86_64, r-release-macos-arm64, r-release-macos-x86_64, r-release-windows-x86_64